{"id":571,"date":"2022-03-07T16:20:28","date_gmt":"2022-03-07T20:20:28","guid":{"rendered":"https:\/\/pachakamani.com\/sonoridadesnarrativas\/?post_type=podcast&#038;p=571"},"modified":"2025-12-03T01:15:05","modified_gmt":"2025-12-03T05:15:05","slug":"memoria-fe-y-territorio-semana-santa-san-ignacio-de-mojos-s3","status":"publish","type":"podcast","link":"https:\/\/pachakamani.com\/sonoridadesnarrativas\/podcast\/memoria-fe-y-territorio-semana-santa-san-ignacio-de-mojos-s3\/","title":{"rendered":"Memoria, fe y territorio: Semana Santa en San Ignacio de Mojos | S3"},"content":{"rendered":"\n<blockquote class=\"wp-block-quote is-layout-flow wp-block-quote-is-layout-flow\">\n<p>La Semana Santa de San Ignacio de Moxos (Beni) teje un conjunto de pr\u00e1cticas rituales que a partir de la fe tambi\u00e9n plantean la persistencia cultural y pol\u00edtica de las comunidades de la Amazon\u00eda boliviana. Este episodio es una etnograf\u00eda sonora presentada en el Festival Podcastinaci\u00f3n 2021.<\/p>\n<\/blockquote>\n\n\n\n<p>Este es un episodio especial. Ya que en este mes de marzo, exactamente el primero de marzo de 2021 iniciamos con este proyecto.<\/p>\n\n\n\n<p>Desde PachaKamani, estamos muy agradecidos por tu apoyo durante este a\u00f1o, pues nos ayudaste a llegar a espacios que no hab\u00edamos imaginado. Tuvimos la oportunidad de compartir el contenido de Sonoridades Narrativas en diferentes contextos: espacios acad\u00e9micos, culturales, period\u00edsticos, hasta aquellos dedicados espec\u00edficamente al podcasting. Sobre este \u00faltimo, hablamos del <a href=\"https:\/\/www.podcastinacion.com\/2021\" target=\"_blank\" rel=\"noreferrer noopener\">Festival Podcastinaci\u00f3n 2021<\/a>.<\/p>\n\n\n\n<p>Festejando nuestro primer aniversario. Hoy sumamos a nuestro feed, el episodio en vivo que producimos especialmente para el Festival de Podcastinaci\u00f3n. El cual titulamos: <em>Memoria, fe y territorio: Semana Santa en San Ignacio de Mojos<\/em><\/p>\n\n\n\n<p>Adem\u00e1s, para Sonoridades Narrativas este es el pre\u00e1mbulo para las dos pr\u00f3ximas sesiones para este 2022. Las que dedicaremos a los sonidos y m\u00fasicas de la Amazon\u00eda de Bolivia.<\/p>\n\n\n\n<p>En este episodio especial escuchar\u00e1s:<br>Los registros que realizamos el 2019 en la localidad de San Ignacio de Mojos, la cual est\u00e1 ubicada en el departamento del Beni, en el coraz\u00f3n de la Amazon\u00eda de Bolivia.<br>Queremos agradecer a Juan Francisco Limaica, integrante del Consejo de Patrimonio de la Ichapekene Piesta, qui\u00e9n nos ayud\u00f3 en el proceso de registro.<\/p>\n\n\n\n<h3 class=\"wp-block-heading\">Contenido del Episodio<\/h3>\n\n\n\n<ul class=\"wp-block-list\">\n<li>Paisaje sonoro de la procesi\u00f3n de Semana Santa de San Ignacio de Mojos<\/li>\n\n\n\n<li>Descripci\u00f3n de la poblaci\u00f3n de San Ignacio de Mojos<\/li>\n\n\n\n<li>Importancia del Cabildo Indigenal en permanencia cultural de San Ignacio de Mojos (Mariano Matareco).<\/li>\n\n\n\n<li>Instrumentos musicales y canto en la Semana Santa.<\/li>\n\n\n\n<li>La marcha ind\u00edgena por el Territorio y la Dignidad (Min. Educaci\u00f3n &#8211; Ernesto Noe Tamo)<\/li>\n\n\n\n<li>El juramento como compromiso social, religioso y cultural.<\/li>\n\n\n\n<li>La importancia de Mojos en la lucha de los pueblos ind\u00edgenas en Bolivia.<\/li>\n<\/ul>\n\n\n\n<h3 class=\"wp-block-heading\">Informaci\u00f3n de inter\u00e9s y recursos utilizados<\/h3>\n\n\n\n<p><a href=\"https:\/\/www.youtube.com\/watch?v=5zY9C3Zipzs\" target=\"_blank\" rel=\"noreferrer noopener\">\u00abPueblos Ind\u00edgenas I\u00bb en Cr\u00f3nika. Pasajes de nuestra historia &#8211; Ministerio de Educaci\u00f3n de Bolivia<\/a>.<\/p>\n\n\n\n<p><a href=\"https:\/\/www.youtube.com\/watch?v=xXYyCYUZrMw\" target=\"_blank\" rel=\"noreferrer noopener\">26 a\u00f1os de la primera marcha ind\u00edgena \u00abPor el Territorio y la Dignidad\u00bb &#8211; Bolivia TV Oficial<\/a>.<\/p>\n\n\n\n<h2 class=\"wp-block-heading\"><em>Fe de errata<\/em>\u00a0<\/h2>\n\n\n\n<p>En el audio indicamos el nombre de instrumento musical: \u00ab<em>Camatera<\/em>\u00ab. Aclaramos, que el nombre correcto es \u00ab<em>Matraca<\/em>\u00ab.<\/p>\n","protected":false},"excerpt":{"rendered":"La Semana Santa de San Ignacio de Moxos (Beni) teje un conjunto de pr\u00e1cticas rituales que a partir de la fe tambi\u00e9n plantean la persistencia cultural y pol\u00edtica de las comunidades de la Amazon\u00eda boliviana. Este episodio es una etnograf\u00eda sonora presentada en el Festival Podcastinaci\u00f3n 2021. Este es un episodio especial. Ya que en [&hellip;]","protected":false},"author":4,"featured_media":573,"menu_order":0,"comment_status":"open","ping_status":"closed","template":"","meta":{"site-sidebar-layout":"default","site-content-layout":"","ast-site-content-layout":"default","site-content-style":"default","site-sidebar-style":"default","ast-global-header-display":"","ast-banner-title-visibility":"","ast-main-header-display":"","ast-hfb-above-header-display":"","ast-hfb-below-header-display":"","ast-hfb-mobile-header-display":"","site-post-title":"","ast-breadcrumbs-content":"","ast-featured-img":"","footer-sml-layout":"","ast-disable-related-posts":"","theme-transparent-header-meta":"","adv-header-id-meta":"","stick-header-meta":"","header-above-stick-meta":"","header-main-stick-meta":"","header-below-stick-meta":"","astra-migrate-meta-layouts":"default","ast-page-background-enabled":"default","ast-page-background-meta":{"desktop":{"background-color":"","background-image":"","background-repeat":"repeat","background-position":"center center","background-size":"auto","background-attachment":"scroll","background-type":"","background-media":"","overlay-type":"","overlay-color":"","overlay-opacity":"","overlay-gradient":""},"tablet":{"background-color":"","background-image":"","background-repeat":"repeat","background-position":"center center","background-size":"auto","background-attachment":"scroll","background-type":"","background-media":"","overlay-type":"","overlay-color":"","overlay-opacity":"","overlay-gradient":""},"mobile":{"background-color":"","background-image":"","background-repeat":"repeat","background-position":"center center","background-size":"auto","background-attachment":"scroll","background-type":"","background-media":"","overlay-type":"","overlay-color":"","overlay-opacity":"","overlay-gradient":""}},"ast-content-background-meta":{"desktop":{"background-color":"var(--ast-global-color-5)","background-image":"","background-repeat":"repeat","background-position":"center center","background-size":"auto","background-attachment":"scroll","background-type":"","background-media":"","overlay-type":"","overlay-color":"","overlay-opacity":"","overlay-gradient":""},"tablet":{"background-color":"var(--ast-global-color-5)","background-image":"","background-repeat":"repeat","background-position":"center center","background-size":"auto","background-attachment":"scroll","background-type":"","background-media":"","overlay-type":"","overlay-color":"","overlay-opacity":"","overlay-gradient":""},"mobile":{"background-color":"var(--ast-global-color-5)","background-image":"","background-repeat":"repeat","background-position":"center center","background-size":"auto","background-attachment":"scroll","background-type":"","background-media":"","overlay-type":"","overlay-color":"","overlay-opacity":"","overlay-gradient":""}},"episode_type":"audio","audio_file":"https:\/\/archive.org\/download\/s3-semana-santa-mojos-sonnar\/Ep%20Especial.%20Semana%20Santa%20Mojos%20-%20podcastinaci%C3%B3n%202021.mp3","podmotor_file_id":"","podmotor_episode_id":"","cover_image":"https:\/\/pachakamani.com\/sonoridadesnarrativas\/wp-content\/uploads\/sites\/5\/2022\/03\/S3-semana-santa-mojos.png","cover_image_id":"573","duration":"","filesize":"42.23M","filesize_raw":"44285282","date_recorded":"2022-03-07 16:20:28","explicit":"","block":"","slim_seo":{"description":"La Semana Santa de San Ignacio de Moxos (Beni) teje un conjunto de pr\u00e1cticas rituales que a partir de la fe tambi\u00e9n plantean la persistencia cultural y pol\u00edtica de las comunidades de la Amazon\u00eda boliviana. Este episodio es una etnograf\u00eda sonora presentada en el Festival Podcastinaci\u00f3n 2021.","title":"Memoria, fe y territorio: Semana Santa en San Ignacio de Mojos | S3 - Sonoridades Narrativas"}},"tags":[62,3,61,60],"series":[52,71],"class_list":["post-571","podcast","type-podcast","status-publish","has-post-thumbnail","hentry","tag-beni","tag-etnografia-sonora","tag-mojos","tag-san-ignacio","series-sonnar","series-sonoridades-narrativas"],"episode_featured_image":"https:\/\/pachakamani.com\/sonoridadesnarrativas\/wp-content\/uploads\/sites\/5\/2022\/03\/S3-semana-santa-mojos.png","episode_player_image":"https:\/\/pachakamani.com\/sonoridadesnarrativas\/wp-content\/uploads\/sites\/5\/2022\/03\/S3-semana-santa-mojos.png","download_link":"https:\/\/pachakamani.com\/sonoridadesnarrativas\/podcast-download\/571\/memoria-fe-y-territorio-semana-santa-san-ignacio-de-mojos-s3.mp3","player_link":"https:\/\/pachakamani.com\/sonoridadesnarrativas\/podcast-player\/571\/memoria-fe-y-territorio-semana-santa-san-ignacio-de-mojos-s3.mp3","audio_player":null,"episode_data":{"playerMode":"dark","subscribeUrls":{"apple_podcasts":{"key":"apple_podcasts","url":"https:\/\/podcasts.apple.com\/bo\/podcast\/sonoridades-narrativas\/id1557553454","label":"Apple Podcasts","class":"apple_podcasts","icon":"apple-podcasts.png"},"castbox":{"key":"castbox","url":"https:\/\/castbox.fm\/channel\/Sonoridades-Narrativas-id3917577?nojump=1","label":"CastBox","class":"castbox","icon":"castbox.png"},"pocketcasts":{"key":"pocketcasts","url":"https:\/\/pocketcasts.com\/podcasts\/7981fa90-cdc8-013c-9b7b-0e76eb17ac61","label":"PocketCasts","class":"pocketcasts","icon":"pocketcasts.png"},"podcast_addict":{"key":"podcast_addict","url":"https:\/\/podcastaddict.com\/podcast\/3274720","label":"Podcast Addict","class":"podcast_addict","icon":"podcast-addict.png"},"rss":{"key":"rss","url":"","label":"RSS","class":"rss","icon":"rss.png"},"spotify":{"key":"spotify","url":"https:\/\/open.spotify.com\/show\/3zfI1gWqW1WkXunh3BfNZP","label":"Spotify","class":"spotify","icon":"spotify.png"},"custom":{"key":"custom","url":"https:\/\/pod.link\/1557553454","label":"custom","class":"custom","icon":"custom.png"},"ivoox":{"key":"ivoox","url":"https:\/\/mx.ivoox.com\/es\/podcast-sonoridades-narrativas_sq_f11215319_1.html","label":"iVoox","class":"ivoox","icon":"ivoox.png"}},"rssFeedUrl":"https:\/\/pachakamani.com\/sonoridadesnarrativas\/feed\/podcast\/sonnar","embedCode":"<blockquote class=\"wp-embedded-content\" data-secret=\"K3r69huLKu\"><a href=\"https:\/\/pachakamani.com\/sonoridadesnarrativas\/podcast\/memoria-fe-y-territorio-semana-santa-san-ignacio-de-mojos-s3\/\">Memoria, fe y territorio: Semana Santa en San Ignacio de Mojos | S3<\/a><\/blockquote><iframe sandbox=\"allow-scripts\" security=\"restricted\" src=\"https:\/\/pachakamani.com\/sonoridadesnarrativas\/podcast\/memoria-fe-y-territorio-semana-santa-san-ignacio-de-mojos-s3\/embed\/#?secret=K3r69huLKu\" width=\"500\" height=\"350\" title=\"\u00abMemoria, fe y territorio: Semana Santa en San Ignacio de Mojos | S3\u00bb \u2014 Sonoridades Narrativas\" data-secret=\"K3r69huLKu\" frameborder=\"0\" marginwidth=\"0\" marginheight=\"0\" scrolling=\"no\" class=\"wp-embedded-content\"><\/iframe><script>\n\/*! This file is auto-generated *\/\n!function(d,l){\"use strict\";l.querySelector&&d.addEventListener&&\"undefined\"!=typeof URL&&(d.wp=d.wp||{},d.wp.receiveEmbedMessage||(d.wp.receiveEmbedMessage=function(e){var t=e.data;if((t||t.secret||t.message||t.value)&&!\/[^a-zA-Z0-9]\/.test(t.secret)){for(var s,r,n,a=l.querySelectorAll('iframe[data-secret=\"'+t.secret+'\"]'),o=l.querySelectorAll('blockquote[data-secret=\"'+t.secret+'\"]'),c=new RegExp(\"^https?:$\",\"i\"),i=0;i<o.length;i++)o[i].style.display=\"none\";for(i=0;i<a.length;i++)s=a[i],e.source===s.contentWindow&&(s.removeAttribute(\"style\"),\"height\"===t.message?(1e3<(r=parseInt(t.value,10))?r=1e3:~~r<200&&(r=200),s.height=r):\"link\"===t.message&&(r=new URL(s.getAttribute(\"src\")),n=new URL(t.value),c.test(n.protocol))&&n.host===r.host&&l.activeElement===s&&(d.top.location.href=t.value))}},d.addEventListener(\"message\",d.wp.receiveEmbedMessage,!1),l.addEventListener(\"DOMContentLoaded\",function(){for(var e,t,s=l.querySelectorAll(\"iframe.wp-embedded-content\"),r=0;r<s.length;r++)(t=(e=s[r]).getAttribute(\"data-secret\"))||(t=Math.random().toString(36).substring(2,12),e.src+=\"#?secret=\"+t,e.setAttribute(\"data-secret\",t)),e.contentWindow.postMessage({message:\"ready\",secret:t},\"*\")},!1)))}(window,document);\n\/\/# sourceURL=https:\/\/pachakamani.com\/sonoridadesnarrativas\/wp-includes\/js\/wp-embed.min.js\n<\/script>\n"},"_links":{"self":[{"href":"https:\/\/pachakamani.com\/sonoridadesnarrativas\/wp-json\/wp\/v2\/podcast\/571","targetHints":{"allow":["GET"]}}],"collection":[{"href":"https:\/\/pachakamani.com\/sonoridadesnarrativas\/wp-json\/wp\/v2\/podcast"}],"about":[{"href":"https:\/\/pachakamani.com\/sonoridadesnarrativas\/wp-json\/wp\/v2\/types\/podcast"}],"author":[{"embeddable":true,"href":"https:\/\/pachakamani.com\/sonoridadesnarrativas\/wp-json\/wp\/v2\/users\/4"}],"replies":[{"embeddable":true,"href":"https:\/\/pachakamani.com\/sonoridadesnarrativas\/wp-json\/wp\/v2\/comments?post=571"}],"wp:featuredmedia":[{"embeddable":true,"href":"https:\/\/pachakamani.com\/sonoridadesnarrativas\/wp-json\/wp\/v2\/media\/573"}],"wp:attachment":[{"href":"https:\/\/pachakamani.com\/sonoridadesnarrativas\/wp-json\/wp\/v2\/media?parent=571"}],"wp:term":[{"taxonomy":"post_tag","embeddable":true,"href":"https:\/\/pachakamani.com\/sonoridadesnarrativas\/wp-json\/wp\/v2\/tags?post=571"},{"taxonomy":"series","embeddable":true,"href":"https:\/\/pachakamani.com\/sonoridadesnarrativas\/wp-json\/wp\/v2\/series?post=571"}],"curies":[{"name":"wp","href":"https:\/\/api.w.org\/{rel}","templated":true}]}}

<blockquote class="wp-block-quote is-layout-flow wp-block-quote-is-layout-flow">
<p>La Semana Santa de San Ignacio de Moxos (Beni) teje un conjunto de prácticas rituales que a partir de la fe también plantean la persistencia cultural y política de las comunidades de la Amazonía boliviana. Este episodio es una etnografía sonora presentada en el Festival Podcastinación 2021.</p>
</blockquote>



<p>Este es un episodio especial. Ya que en este mes de marzo, exactamente el primero de marzo de 2021 iniciamos con este proyecto.</p>



<p>Desde PachaKamani, estamos muy agradecidos por tu apoyo durante este año, pues nos ayudaste a llegar a espacios que no habíamos imaginado. Tuvimos la oportunidad de compartir el contenido de Sonoridades Narrativas en diferentes contextos: espacios académicos, culturales, periodísticos, hasta aquellos dedicados específicamente al podcasting. Sobre este último, hablamos del <a href="https://www.podcastinacion.com/2021" target="_blank" rel="noreferrer noopener">Festival Podcastinación 2021</a>.</p>



<p>Festejando nuestro primer aniversario. Hoy sumamos a nuestro feed, el episodio en vivo que producimos especialmente para el Festival de Podcastinación. El cual titulamos: <em>Memoria, fe y territorio: Semana Santa en San Ignacio de Mojos</em></p>



<p>Además, para Sonoridades Narrativas este es el preámbulo para las dos próximas sesiones para este 2022. Las que dedicaremos a los sonidos y músicas de la Amazonía de Bolivia.</p>



<p>En este episodio especial escucharás:<br>Los registros que realizamos el 2019 en la localidad de San Ignacio de Mojos, la cual está ubicada en el departamento del Beni, en el corazón de la Amazonía de Bolivia.<br>Queremos agradecer a Juan Francisco Limaica, integrante del Consejo de Patrimonio de la Ichapekene Piesta, quién nos ayudó en el proceso de registro.</p>



<h3 class="wp-block-heading">Contenido del Episodio</h3>



<ul class="wp-block-list">
<li>Paisaje sonoro de la procesión de Semana Santa de San Ignacio de Mojos</li>



<li>Descripción de la población de San Ignacio de Mojos</li>



<li>Importancia del Cabildo Indigenal en permanencia cultural de San Ignacio de Mojos (Mariano Matareco).</li>



<li>Instrumentos musicales y canto en la Semana Santa.</li>



<li>La marcha indígena por el Territorio y la Dignidad (Min. Educación &#8211; Ernesto Noe Tamo)</li>



<li>El juramento como compromiso social, religioso y cultural.</li>



<li>La importancia de Mojos en la lucha de los pueblos indígenas en Bolivia.</li>
</ul>



<h3 class="wp-block-heading">Información de interés y recursos utilizados</h3>



<p><a href="https://www.youtube.com/watch?v=5zY9C3Zipzs" target="_blank" rel="noreferrer noopener">«Pueblos Indígenas I» en Crónika. Pasajes de nuestra historia &#8211; Ministerio de Educación de Bolivia</a>.</p>



<p><a href="https://www.youtube.com/watch?v=xXYyCYUZrMw" target="_blank" rel="noreferrer noopener">26 años de la primera marcha indígena «Por el Territorio y la Dignidad» &#8211; Bolivia TV Oficial</a>.</p>



<h2 class="wp-block-heading"><em>Fe de errata</em> </h2>



<p>En el audio indicamos el nombre de instrumento musical: «<em>Camatera</em>«. Aclaramos, que el nombre correcto es «<em>Matraca</em>«.</p>

La Semana Santa de San Ignacio de Moxos (Beni) teje un conjunto de prácticas rituales que a partir de la fe también plantean la persistencia cultural y política de las comunidades de la Amazonía boliviana. Este episodio es una etnografía sonora presentada en el Festival Podcastinación 2021. Este es un episodio especial. Ya que en [&hellip;]

La Semana Santa de San Ignacio de Moxos (Beni) teje un conjunto de prácticas rituales que a partir de la fe también plantean la persistencia cultural y política de las comunidades de la Amazonía boliviana. Este episodio es una etnografía sonora presentada en el Festival Podcastinación 2021.
