{"id":198,"date":"2021-03-16T19:15:29","date_gmt":"2021-03-16T19:15:29","guid":{"rendered":"https:\/\/pachakamani.com\/sonoridadesnarrativas\/?page_id=198"},"modified":"2024-07-21T06:43:18","modified_gmt":"2024-07-21T10:43:18","slug":"cartografia-sonora","status":"publish","type":"page","link":"https:\/\/pachakamani.com\/sonoridadesnarrativas\/cartografia-sonora\/","title":{"rendered":"Cartografia Sonora"},"content":{"rendered":"\t\t<div data-elementor-type=\"wp-page\" data-elementor-id=\"198\" class=\"elementor elementor-198\">\n\t\t\t\t\t\t<section class=\"elementor-section elementor-top-section elementor-element elementor-element-3df18f3 elementor-section-boxed elementor-section-height-default elementor-section-height-default\" data-id=\"3df18f3\" data-element_type=\"section\" data-e-type=\"section\">\n\t\t\t\t\t\t<div class=\"elementor-container elementor-column-gap-default\">\n\t\t\t\t\t<div class=\"elementor-column elementor-col-33 elementor-top-column elementor-element elementor-element-7ae6921\" data-id=\"7ae6921\" data-element_type=\"column\" data-e-type=\"column\">\n\t\t\t<div class=\"elementor-widget-wrap elementor-element-populated\">\n\t\t\t\t\t\t<div class=\"elementor-element elementor-element-e632d36 elementor-widget elementor-widget-heading\" data-id=\"e632d36\" data-element_type=\"widget\" data-e-type=\"widget\" data-widget_type=\"heading.default\">\n\t\t\t\t<div class=\"elementor-widget-container\">\n\t\t\t\t\t<h4 class=\"elementor-heading-title elementor-size-default\">Espacios sonoros de Todos Santos, en La Paz (Bolivia) \nSesi\u00f3n 02<\/h4>\t\t\t\t<\/div>\n\t\t\t\t<\/div>\n\t\t\t\t<div class=\"elementor-element elementor-element-5562628 elementor-widget elementor-widget-text-editor\" data-id=\"5562628\" data-element_type=\"widget\" data-e-type=\"widget\" data-widget_type=\"text-editor.default\">\n\t\t\t\t<div class=\"elementor-widget-container\">\n\t\t\t\t\t\t\t\t\t<p>En la segunda <em>sesi\u00f3n de escucha\u00a0<\/em>de Sonoridades Narrativas, retomamos el tema de la Festividad de Todos Santos pero haciendo \u00e9nfasis en sus espacios y lugares. En este mapa reuni\u00f3n los audios de la primera y segunda sesi\u00f3n de escucha.<\/p>\t\t\t\t\t\t\t\t<\/div>\n\t\t\t\t<\/div>\n\t\t\t\t\t<\/div>\n\t\t<\/div>\n\t\t\t\t<div class=\"elementor-column elementor-col-66 elementor-top-column elementor-element elementor-element-62a1b84\" data-id=\"62a1b84\" data-element_type=\"column\" data-e-type=\"column\">\n\t\t\t<div class=\"elementor-widget-wrap elementor-element-populated\">\n\t\t\t\t\t\t<div class=\"elementor-element elementor-element-9bdb6cd elementor-widget elementor-widget-html\" data-id=\"9bdb6cd\" data-element_type=\"widget\" data-e-type=\"widget\" data-widget_type=\"html.default\">\n\t\t\t\t<div class=\"elementor-widget-container\">\n\t\t\t\t\t<iframe width=\"300%\" height=\"600px\" frameborder=\"0\" allowfullscreen src=\"\/\/umap.openstreetmap.fr\/es\/map\/mapa-sonoro-de-todos-santos-unificado_688667?scaleControl=false&miniMap=false&scrollWheelZoom=true&zoomControl=true&allowEdit=false&moreControl=true&searchControl=null&tilelayersControl=null&embedControl=null&datalayersControl=true&onLoadPanel=undefined&captionBar=false\"><\/iframe><p><a href=\"\/\/umap.openstreetmap.fr\/es\/map\/mapa-sonoro-de-todos-santos-unificado_688667\">Ver pantalla completa<\/a><\/p>\t\t\t\t<\/div>\n\t\t\t\t<\/div>\n\t\t\t\t\t<\/div>\n\t\t<\/div>\n\t\t\t\t\t<\/div>\n\t\t<\/section>\n\t\t\t\t<section class=\"elementor-section elementor-top-section elementor-element elementor-element-81c53da elementor-section-boxed elementor-section-height-default elementor-section-height-default\" data-id=\"81c53da\" data-element_type=\"section\" data-e-type=\"section\">\n\t\t\t\t\t\t<div class=\"elementor-container elementor-column-gap-default\">\n\t\t\t\t\t<div class=\"elementor-column elementor-col-33 elementor-top-column elementor-element elementor-element-574b1e2\" data-id=\"574b1e2\" data-element_type=\"column\" data-e-type=\"column\">\n\t\t\t<div class=\"elementor-widget-wrap elementor-element-populated\">\n\t\t\t\t\t\t<div class=\"elementor-element elementor-element-0b321bb elementor-widget elementor-widget-heading\" data-id=\"0b321bb\" data-element_type=\"widget\" data-e-type=\"widget\" data-widget_type=\"heading.default\">\n\t\t\t\t<div class=\"elementor-widget-container\">\n\t\t\t\t\t<h4 class=\"elementor-heading-title elementor-size-default\">Mapeo de la Ritualidad Sonora de Todos Santos, en La Paz (Bolivia) \nSesi\u00f3n 01<\/h4>\t\t\t\t<\/div>\n\t\t\t\t<\/div>\n\t\t\t\t<div class=\"elementor-element elementor-element-cf4c992 elementor-widget elementor-widget-text-editor\" data-id=\"cf4c992\" data-element_type=\"widget\" data-e-type=\"widget\" data-widget_type=\"text-editor.default\">\n\t\t\t\t<div class=\"elementor-widget-container\">\n\t\t\t\t\t\t\t\t\t<p>La\u00a0<em>primera sesi\u00f3n de escucha\u00a0<\/em>de Sonoridades Narrativas, est\u00e1 dedicada a la Festividad de Todos Santos y los rituales sonoros a los difuntos. Este art\u00edculo tejer\u00e1 la relaci\u00f3n entre cada uno de los componentes de la Sesi\u00f3n: descripci\u00f3n general del tema, v\u00ednculos a cada episodio (audio) del podcast, el mapa sonoro e informaci\u00f3n adicional de inter\u00e9s.<\/p>\n<p><a href=\"https:\/\/pachakamani.com\/sonoridadesnarrativas\/ritualidad-sonora-de-todos-santos-etnografia-podcast-mapas-sonoros\/\" target=\"_blank\" rel=\"noopener\">Leer m\u00e1s&#8230;<\/a><\/p>\t\t\t\t\t\t\t\t<\/div>\n\t\t\t\t<\/div>\n\t\t\t\t\t<\/div>\n\t\t<\/div>\n\t\t\t\t<div class=\"elementor-column elementor-col-66 elementor-top-column elementor-element elementor-element-dfd5763\" data-id=\"dfd5763\" data-element_type=\"column\" data-e-type=\"column\">\n\t\t\t<div class=\"elementor-widget-wrap elementor-element-populated\">\n\t\t\t\t\t\t<div class=\"elementor-element elementor-element-92cfb70 elementor-widget elementor-widget-html\" data-id=\"92cfb70\" data-element_type=\"widget\" data-e-type=\"widget\" data-widget_type=\"html.default\">\n\t\t\t\t<div class=\"elementor-widget-container\">\n\t\t\t\t\t<iframe width=\"300%\" height=\"600px\" frameborder=\"0\" allowfullscreen=\"\" src=\"\/\/umap.openstreetmap.fr\/es\/map\/ritualidad-sonora-de-todos-santos-sonnar-s1_578228?scaleControl=false&amp;miniMap=false&amp;scrollWheelZoom=true&amp;zoomControl=true&amp;allowEdit=false&amp;moreControl=true&amp;searchControl=null&amp;tilelayersControl=null&amp;embedControl=null&amp;datalayersControl=true&amp;onLoadPanel=none&amp;captionBar=false#17\/-16.49630\/-68.15113\"><\/iframe>\t\t\t\t<\/div>\n\t\t\t\t<\/div>\n\t\t\t\t\t<\/div>\n\t\t<\/div>\n\t\t\t\t\t<\/div>\n\t\t<\/section>\n\t\t\t\t<section class=\"elementor-section elementor-top-section elementor-element elementor-element-a0a8e6d elementor-section-boxed elementor-section-height-default elementor-section-height-default\" data-id=\"a0a8e6d\" data-element_type=\"section\" data-e-type=\"section\">\n\t\t\t\t\t\t<div class=\"elementor-container elementor-column-gap-default\">\n\t\t\t\t\t<div class=\"elementor-column elementor-col-66 elementor-top-column elementor-element elementor-element-9982c7a\" data-id=\"9982c7a\" data-element_type=\"column\" data-e-type=\"column\">\n\t\t\t<div class=\"elementor-widget-wrap elementor-element-populated\">\n\t\t\t\t\t\t<div class=\"elementor-element elementor-element-2dfa09e elementor-widget elementor-widget-html\" data-id=\"2dfa09e\" data-element_type=\"widget\" data-e-type=\"widget\" data-widget_type=\"html.default\">\n\t\t\t\t<div class=\"elementor-widget-container\">\n\t\t\t\t\t<iframe width=\"300%\" height=\"600px\" frameborder=\"0\" allowfullscreen src=\"\/\/umap.openstreetmap.fr\/es\/map\/paisaje-sonoro-de-llojeta_523765?scaleControl=false&miniMap=false&scrollWheelZoom=true&zoomControl=true&allowEdit=false&moreControl=true&searchControl=null&tilelayersControl=null&embedControl=null&datalayersControl=true&onLoadPanel=databrowser&captionBar=false\"><\/iframe><p><a href=\"\/\/umap.openstreetmap.fr\/es\/map\/paisaje-sonoro-de-llojeta_523765\">Ver pantalla completa<\/a><\/p>\t\t\t\t<\/div>\n\t\t\t\t<\/div>\n\t\t\t\t\t<\/div>\n\t\t<\/div>\n\t\t\t\t<div class=\"elementor-column elementor-col-33 elementor-top-column elementor-element elementor-element-40dfe2f\" data-id=\"40dfe2f\" data-element_type=\"column\" data-e-type=\"column\">\n\t\t\t<div class=\"elementor-widget-wrap elementor-element-populated\">\n\t\t\t\t\t\t<div class=\"elementor-element elementor-element-fe97ad0 elementor-widget elementor-widget-heading\" data-id=\"fe97ad0\" data-element_type=\"widget\" data-e-type=\"widget\" data-widget_type=\"heading.default\">\n\t\t\t\t<div class=\"elementor-widget-container\">\n\t\t\t\t\t<h4 class=\"elementor-heading-title elementor-size-default\">\"Paisaje sonoro de Llojeta.\nPatrimonio cultural y memoria sonora\"<\/h4>\t\t\t\t<\/div>\n\t\t\t\t<\/div>\n\t\t\t\t<div class=\"elementor-element elementor-element-a4b9158 elementor-widget elementor-widget-heading\" data-id=\"a4b9158\" data-element_type=\"widget\" data-e-type=\"widget\" data-widget_type=\"heading.default\">\n\t\t\t\t<div class=\"elementor-widget-container\">\n\t\t\t\t\t<h5 class=\"elementor-heading-title elementor-size-default\"><a href=\"https:\/\/paisajecaminante.com\/llojeta\/paisaje-sonoro\/\" target=\"_blank\" rel=\"noopener noreferrer nofollow\">El proyecto \"Llojeta\" fue ejecutado por el Colectivo \"Paisaje Caminante\"<\/a><\/h5>\t\t\t\t<\/div>\n\t\t\t\t<\/div>\n\t\t\t\t<div class=\"elementor-element elementor-element-058104f elementor-widget elementor-widget-text-editor\" data-id=\"058104f\" data-element_type=\"widget\" data-e-type=\"widget\" data-widget_type=\"text-editor.default\">\n\t\t\t\t<div class=\"elementor-widget-container\">\n\t\t\t\t\t\t\t\t\t<p>Los sonidos en Llojeta son una puerta que nos comunica con la memoria, corta y larga, de un espacio. Hay sonidos constantes en el tiempo, hay otros que desaparecieron, y hay nuevos sonidos que van rodeando el lugar. Justamente, esta caracter\u00edstica din\u00e1mica del sonido coincide con la del patrimonio cultural inmaterial, ya que tambi\u00e9n se transforma y recrea constantemente.\u00a0<\/p><p>Fuente: <a href=\"https:\/\/paisajecaminante.com\/\" target=\"_blank\" rel=\"noopener noreferrer nofollow\">Paisaje Caminante.<\/a><\/p>\t\t\t\t\t\t\t\t<\/div>\n\t\t\t\t<\/div>\n\t\t\t\t\t<\/div>\n\t\t<\/div>\n\t\t\t\t\t<\/div>\n\t\t<\/section>\n\t\t\t\t<section class=\"elementor-section elementor-top-section elementor-element elementor-element-d562a48 elementor-section-boxed elementor-section-height-default elementor-section-height-default\" data-id=\"d562a48\" data-element_type=\"section\" data-e-type=\"section\">\n\t\t\t\t\t\t<div class=\"elementor-container elementor-column-gap-default\">\n\t\t\t\t\t<div class=\"elementor-column elementor-col-25 elementor-top-column elementor-element elementor-element-d8b091a\" data-id=\"d8b091a\" data-element_type=\"column\" data-e-type=\"column\">\n\t\t\t<div class=\"elementor-widget-wrap\">\n\t\t\t\t\t\t\t<\/div>\n\t\t<\/div>\n\t\t\t\t<div class=\"elementor-column elementor-col-50 elementor-top-column elementor-element elementor-element-790eb8e\" data-id=\"790eb8e\" data-element_type=\"column\" data-e-type=\"column\">\n\t\t\t<div class=\"elementor-widget-wrap elementor-element-populated\">\n\t\t\t\t\t\t<div class=\"elementor-element elementor-element-dcc531c elementor-widget elementor-widget-text-editor\" data-id=\"dcc531c\" data-element_type=\"widget\" data-e-type=\"widget\" data-widget_type=\"text-editor.default\">\n\t\t\t\t<div class=\"elementor-widget-container\">\n\t\t\t\t\t\t\t\t\t<style>.wp-show-posts-columns#wpsp-426 {margin-left: -2em; }.wp-show-posts-columns#wpsp-426 .wp-show-posts-inner {margin: 0 0 2em 2em; }<\/style><section id=\"wpsp-426\" class=\" wp-show-posts-columns wp-show-posts\" style=\"\"><article class=\" wp-show-posts-single post-431 post type-post status-publish format-standard has-post-thumbnail hentry category-mapa-sonoro tag-la-paz tag-mapa-sonoro tag-todos-santos wpsp-col-6\" itemtype=\"http:\/\/schema.org\/CreativeWork\" itemscope><div class=\"wp-show-posts-inner\" style=\"\">\t\t<div class=\"wp-show-posts-image  wpsp-image-center \">\n\t\t\t<a href=\"https:\/\/pachakamani.com\/sonoridadesnarrativas\/mapa-de-la-ritualidad-sonora-de-todos-santos-la-paz-bolivia\/\"  title=\"Mapa de la Ritualidad Sonora de Todos Santos (La Paz, Bolivia)\">\t\t\t\t\t<img decoding=\"async\" src=\"https:\/\/pachakamani.com\/sonoridadesnarrativas\/wp-content\/uploads\/sites\/5\/2021\/03\/DSC_0079-rotated-400x400.jpg\" alt=\"Mapa de la Ritualidad Sonora de Todos Santos (La Paz, Bolivia)\" itemprop=\"image\" class=\"center\" \/>\n\t\t\t\t<\/a>\t\t<\/div>\n\t\t\t\t\t\t\t\t<header class=\"wp-show-posts-entry-header\">\n\t\t\t\t\t\t\t<h4 class=\"wp-show-posts-entry-title\" itemprop=\"headline\"><a href=\"https:\/\/pachakamani.com\/sonoridadesnarrativas\/mapa-de-la-ritualidad-sonora-de-todos-santos-la-paz-bolivia\/\" rel=\"bookmark\">Mapa de la Ritualidad Sonora de Todos Santos (La Paz, Bolivia)<\/a><\/h4><div class=\"wp-show-posts-entry-meta wp-show-posts-entry-meta-below-title post-meta-inline\"><span class=\"wp-show-posts-posted-on wp-show-posts-meta\">\n\t\t\t\t\t<a href=\"https:\/\/pachakamani.com\/sonoridadesnarrativas\/mapa-de-la-ritualidad-sonora-de-todos-santos-la-paz-bolivia\/\" title=\"05:53\" rel=\"bookmark\"><time class=\"wp-show-posts-entry-date published\" datetime=\"2021-04-02T05:53:12-04:00\" itemprop=\"datePublished\">02\/04\/2021<\/time><time class=\"wp-show-posts-updated\" datetime=\"2021-12-03T03:38:04-04:00\" itemprop=\"dateModified\">03\/12\/2021<\/time><\/a>\n\t\t\t\t<\/span><\/div>\t\t\t\t\t\t<\/header><!-- .entry-header -->\n\t\t\t\t\t\t\t\t\t\t\t<div class=\"wp-show-posts-entry-summary\" itemprop=\"text\">\n\t\t\t\t\t\t\texcerpt\t\t\t\t\t\t<\/div><!-- .entry-summary -->\n\t\t\t\t\t<\/div><!-- wp-show-posts-inner --><\/article><article class=\" wp-show-posts-single post-417 post type-post status-publish format-standard has-post-thumbnail hentry category-mapa-sonoro tag-llojeta tag-paisaje-sonoro wpsp-col-6\" itemtype=\"http:\/\/schema.org\/CreativeWork\" itemscope><div class=\"wp-show-posts-inner\" style=\"\">\t\t<div class=\"wp-show-posts-image  wpsp-image-center \">\n\t\t\t<a href=\"https:\/\/pachakamani.com\/sonoridadesnarrativas\/paisaje-sonoro-de-llojeta-patrimonio-cultural-y-memoria-sonora\/\"  title=\"Paisaje sonoro de Llojeta. Patrimonio cultural y memoria sonora\">\t\t\t\t\t<img decoding=\"async\" src=\"https:\/\/pachakamani.com\/sonoridadesnarrativas\/wp-content\/uploads\/sites\/5\/2021\/04\/colibri-400x400.jpg\" alt=\"Paisaje sonoro de Llojeta. Patrimonio cultural y memoria sonora\" itemprop=\"image\" class=\"center\" \/>\n\t\t\t\t<\/a>\t\t<\/div>\n\t\t\t\t\t\t\t\t<header class=\"wp-show-posts-entry-header\">\n\t\t\t\t\t\t\t<h4 class=\"wp-show-posts-entry-title\" itemprop=\"headline\"><a href=\"https:\/\/pachakamani.com\/sonoridadesnarrativas\/paisaje-sonoro-de-llojeta-patrimonio-cultural-y-memoria-sonora\/\" rel=\"bookmark\">Paisaje sonoro de Llojeta. Patrimonio cultural y memoria sonora<\/a><\/h4><div class=\"wp-show-posts-entry-meta wp-show-posts-entry-meta-below-title post-meta-inline\"><span class=\"wp-show-posts-posted-on wp-show-posts-meta\">\n\t\t\t\t\t<a href=\"https:\/\/pachakamani.com\/sonoridadesnarrativas\/paisaje-sonoro-de-llojeta-patrimonio-cultural-y-memoria-sonora\/\" title=\"05:30\" rel=\"bookmark\"><time class=\"wp-show-posts-entry-date published\" datetime=\"2021-04-02T05:30:44-04:00\" itemprop=\"datePublished\">02\/04\/2021<\/time><time class=\"wp-show-posts-updated\" datetime=\"2021-04-02T06:06:30-04:00\" itemprop=\"dateModified\">02\/04\/2021<\/time><\/a>\n\t\t\t\t<\/span><\/div>\t\t\t\t\t\t<\/header><!-- .entry-header -->\n\t\t\t\t\t\t\t\t\t\t\t<div class=\"wp-show-posts-entry-summary\" itemprop=\"text\">\n\t\t\t\t\t\t\texcerpt\t\t\t\t\t\t<\/div><!-- .entry-summary -->\n\t\t\t\t\t<\/div><!-- wp-show-posts-inner --><\/article><div class=\"wpsp-clear\"><\/div><\/section><!-- .wp-show-posts -->\t\t\t\t\t\t\t\t<\/div>\n\t\t\t\t<\/div>\n\t\t\t\t\t<\/div>\n\t\t<\/div>\n\t\t\t\t<div class=\"elementor-column elementor-col-25 elementor-top-column elementor-element elementor-element-186f8b7\" data-id=\"186f8b7\" data-element_type=\"column\" data-e-type=\"column\">\n\t\t\t<div class=\"elementor-widget-wrap\">\n\t\t\t\t\t\t\t<\/div>\n\t\t<\/div>\n\t\t\t\t\t<\/div>\n\t\t<\/section>\n\t\t\t\t<\/div>\n\t\t","protected":false},"excerpt":{"rendered":"excerpt","protected":false},"author":4,"featured_media":0,"parent":0,"menu_order":0,"comment_status":"closed","ping_status":"closed","template":"","meta":{"site-sidebar-layout":"no-sidebar","site-content-layout":"page-builder","ast-site-content-layout":"default","site-content-style":"default","site-sidebar-style":"default","ast-global-header-display":"","ast-banner-title-visibility":"","ast-main-header-display":"","ast-hfb-above-header-display":"","ast-hfb-below-header-display":"","ast-hfb-mobile-header-display":"","site-post-title":"disabled","ast-breadcrumbs-content":"","ast-featured-img":"","footer-sml-layout":"","ast-disable-related-posts":"","theme-transparent-header-meta":"default","adv-header-id-meta":"","stick-header-meta":"","header-above-stick-meta":"","header-main-stick-meta":"","header-below-stick-meta":"","astra-migrate-meta-layouts":"default","ast-page-background-enabled":"default","ast-page-background-meta":{"desktop":{"background-color":"","background-image":"","background-repeat":"repeat","background-position":"center center","background-size":"auto","background-attachment":"scroll","background-type":"","background-media":"","overlay-type":"","overlay-color":"","overlay-opacity":"","overlay-gradient":""},"tablet":{"background-color":"","background-image":"","background-repeat":"repeat","background-position":"center center","background-size":"auto","background-attachment":"scroll","background-type":"","background-media":"","overlay-type":"","overlay-color":"","overlay-opacity":"","overlay-gradient":""},"mobile":{"background-color":"","background-image":"","background-repeat":"repeat","background-position":"center center","background-size":"auto","background-attachment":"scroll","background-type":"","background-media":"","overlay-type":"","overlay-color":"","overlay-opacity":"","overlay-gradient":""}},"ast-content-background-meta":{"desktop":{"background-color":"var(--ast-global-color-5)","background-image":"","background-repeat":"repeat","background-position":"center center","background-size":"auto","background-attachment":"scroll","background-type":"","background-media":"","overlay-type":"","overlay-color":"","overlay-opacity":"","overlay-gradient":""},"tablet":{"background-color":"var(--ast-global-color-5)","background-image":"","background-repeat":"repeat","background-position":"center center","background-size":"auto","background-attachment":"scroll","background-type":"","background-media":"","overlay-type":"","overlay-color":"","overlay-opacity":"","overlay-gradient":""},"mobile":{"background-color":"var(--ast-global-color-5)","background-image":"","background-repeat":"repeat","background-position":"center center","background-size":"auto","background-attachment":"scroll","background-type":"","background-media":"","overlay-type":"","overlay-color":"","overlay-opacity":"","overlay-gradient":""}},"episode_type":"","audio_file":"","podmotor_file_id":"","podmotor_episode_id":"","cover_image":"","cover_image_id":"","duration":"","filesize":"","filesize_raw":"","date_recorded":"","explicit":"","block":"","slim_seo":{"title":"Paisaje sonoro de Llojeta. Patrimonio cultural y memoria sonora - Sonoridades Narrativas","description":"Mapa Sonoro de Llojeta Puede acceder a los audios mediante el men\u00fa lateral o ingresando a cada punto del mapa. Sugerimos utilizar auriculares para escuchar los"},"footnotes":""},"class_list":["post-198","page","type-page","status-publish","hentry"],"_links":{"self":[{"href":"https:\/\/pachakamani.com\/sonoridadesnarrativas\/wp-json\/wp\/v2\/pages\/198","targetHints":{"allow":["GET"]}}],"collection":[{"href":"https:\/\/pachakamani.com\/sonoridadesnarrativas\/wp-json\/wp\/v2\/pages"}],"about":[{"href":"https:\/\/pachakamani.com\/sonoridadesnarrativas\/wp-json\/wp\/v2\/types\/page"}],"author":[{"embeddable":true,"href":"https:\/\/pachakamani.com\/sonoridadesnarrativas\/wp-json\/wp\/v2\/users\/4"}],"replies":[{"embeddable":true,"href":"https:\/\/pachakamani.com\/sonoridadesnarrativas\/wp-json\/wp\/v2\/comments?post=198"}],"version-history":[{"count":64,"href":"https:\/\/pachakamani.com\/sonoridadesnarrativas\/wp-json\/wp\/v2\/pages\/198\/revisions"}],"predecessor-version":[{"id":660,"href":"https:\/\/pachakamani.com\/sonoridadesnarrativas\/wp-json\/wp\/v2\/pages\/198\/revisions\/660"}],"wp:attachment":[{"href":"https:\/\/pachakamani.com\/sonoridadesnarrativas\/wp-json\/wp\/v2\/media?parent=198"}],"curies":[{"name":"wp","href":"https:\/\/api.w.org\/{rel}","templated":true}]}}