{"id":17,"date":"2021-02-24T19:37:50","date_gmt":"2021-02-24T19:37:50","guid":{"rendered":"https:\/\/pachakamani.com\/sonnar\/?page_id=17"},"modified":"2021-12-03T03:37:28","modified_gmt":"2021-12-03T03:37:28","slug":"inicio","status":"publish","type":"page","link":"https:\/\/pachakamani.com\/sonoridadesnarrativas\/","title":{"rendered":"Inicio"},"content":{"rendered":"\t\t<div data-elementor-type=\"wp-page\" data-elementor-id=\"17\" class=\"elementor elementor-17\">\n\t\t\t\t\t\t<section class=\"elementor-section elementor-top-section elementor-element elementor-element-e0fb5a2 elementor-section-boxed elementor-section-height-default elementor-section-height-default\" data-id=\"e0fb5a2\" data-element_type=\"section\" data-e-type=\"section\" data-settings=\"{&quot;background_background&quot;:&quot;classic&quot;}\">\n\t\t\t\t\t\t<div class=\"elementor-container elementor-column-gap-default\">\n\t\t\t\t\t<div class=\"elementor-column elementor-col-100 elementor-top-column elementor-element elementor-element-5fc42ee\" data-id=\"5fc42ee\" data-element_type=\"column\" data-e-type=\"column\">\n\t\t\t<div class=\"elementor-widget-wrap elementor-element-populated\">\n\t\t\t\t\t\t<div class=\"elementor-element elementor-element-31b3b49 elementor-widget elementor-widget-image\" data-id=\"31b3b49\" data-element_type=\"widget\" data-e-type=\"widget\" data-widget_type=\"image.default\">\n\t\t\t\t<div class=\"elementor-widget-container\">\n\t\t\t\t\t\t\t\t\t\t\t\t\t\t\t<img decoding=\"async\" src=\"https:\/\/pachakamani.com\/sonoridadesnarrativas\/wp-content\/uploads\/sites\/5\/elementor\/thumbs\/cropped-SonNar-txt-2020-ri75xe9ubq6jphesl914xk6sea8gy24b2q74tluyio.png\" title=\"cropped-SonNar-txt-2020.png\" alt=\"cropped-SonNar-txt-2020.png\" loading=\"lazy\" \/>\t\t\t\t\t\t\t\t\t\t\t\t\t\t\t<\/div>\n\t\t\t\t<\/div>\n\t\t\t\t<div class=\"elementor-element elementor-element-4bc3af5 elementor-widget elementor-widget-text-editor\" data-id=\"4bc3af5\" data-element_type=\"widget\" data-e-type=\"widget\" data-widget_type=\"text-editor.default\">\n\t\t\t\t<div class=\"elementor-widget-container\">\n\t\t\t\t\t\t\t\t\t<p style=\"text-align: center;\"><span style=\"color: #ffffff;\">\u00abSonoridades Narrativas, Proyecto Integral de territorios sonoros y paisajes musicales\u00bb<br \/><span style=\"font-style: inherit; font-weight: inherit;\">Aqu\u00ed compartiremos sonoridades para que ellas mismas nos narren sus historias.<\/span><\/span><\/p>\t\t\t\t\t\t\t\t<\/div>\n\t\t\t\t<\/div>\n\t\t\t\t<div class=\"elementor-element elementor-element-9604671 elementor-widget elementor-widget-Subscribe Buttons\" data-id=\"9604671\" data-element_type=\"widget\" data-e-type=\"widget\" data-widget_type=\"Subscribe Buttons.default\">\n\t\t\t\t<div class=\"elementor-widget-container\">\n\t\t\t\t\t<div>\n\t<div class=\"ssp-subscribe-buttons\">\n                                            <a href=\"https:\/\/podcasts.apple.com\/bo\/podcast\/sonoridades-narrativas\/id1557553454\" target=\"_blank\" rel=\"noopener noreferrer\">\n                    <img decoding=\"async\" src=\"https:\/\/pachakamani.com\/sonoridadesnarrativas\/wp-content\/plugins\/seriously-simple-podcasting\/\/assets\/icons\/subscribe\/apple-podcasts.png\">\n                    <span style=\"\">Apple Podcasts<\/span>\n                <\/a>\n\t\t        \t                                            <a href=\"https:\/\/castbox.fm\/channel\/Sonoridades-Narrativas-id3917577?nojump=1\" target=\"_blank\" rel=\"noopener noreferrer\">\n                    <img decoding=\"async\" src=\"https:\/\/pachakamani.com\/sonoridadesnarrativas\/wp-content\/plugins\/seriously-simple-podcasting\/\/assets\/icons\/subscribe\/castbox.png\">\n                    <span style=\"\">CastBox<\/span>\n                <\/a>\n\t\t        \t                                            <a href=\"https:\/\/pocketcasts.com\/podcasts\/7981fa90-cdc8-013c-9b7b-0e76eb17ac61\" target=\"_blank\" rel=\"noopener noreferrer\">\n                    <img decoding=\"async\" src=\"https:\/\/pachakamani.com\/sonoridadesnarrativas\/wp-content\/plugins\/seriously-simple-podcasting\/\/assets\/icons\/subscribe\/pocketcasts.png\">\n                    <span style=\"\">PocketCasts<\/span>\n                <\/a>\n\t\t        \t                                            <a href=\"https:\/\/podcastaddict.com\/podcast\/3274720\" target=\"_blank\" rel=\"noopener noreferrer\">\n                    <img decoding=\"async\" src=\"https:\/\/pachakamani.com\/sonoridadesnarrativas\/wp-content\/plugins\/seriously-simple-podcasting\/\/assets\/icons\/subscribe\/podcast-addict.png\">\n                    <span style=\"\">Podcast Addict<\/span>\n                <\/a>\n\t\t        \t                                                                <a href=\"https:\/\/open.spotify.com\/show\/3zfI1gWqW1WkXunh3BfNZP\" target=\"_blank\" rel=\"noopener noreferrer\">\n                    <img decoding=\"async\" src=\"https:\/\/pachakamani.com\/sonoridadesnarrativas\/wp-content\/plugins\/seriously-simple-podcasting\/\/assets\/icons\/subscribe\/spotify.png\">\n                    <span style=\"\">Spotify<\/span>\n                <\/a>\n\t\t        \t                                            <a href=\"https:\/\/pod.link\/1557553454\" target=\"_blank\" rel=\"noopener noreferrer\">\n                    <img decoding=\"async\" src=\"https:\/\/pachakamani.com\/sonoridadesnarrativas\/wp-content\/plugins\/seriously-simple-podcasting\/\/assets\/icons\/subscribe\/custom.png\">\n                    <span style=\"\">custom<\/span>\n                <\/a>\n\t\t        \t                                            <a href=\"https:\/\/mx.ivoox.com\/es\/podcast-sonoridades-narrativas_sq_f11215319_1.html\" target=\"_blank\" rel=\"noopener noreferrer\">\n                    <img decoding=\"async\" src=\"https:\/\/pachakamani.com\/sonoridadesnarrativas\/wp-content\/plugins\/seriously-simple-podcasting\/\/assets\/icons\/subscribe\/ivoox.png\">\n                    <span style=\"\">iVoox<\/span>\n                <\/a>\n\t\t        \t                            <\/div>\n<\/div>\n\t\t\t\t<\/div>\n\t\t\t\t<\/div>\n\t\t\t\t<div class=\"elementor-element elementor-element-95ecc90 elementor-widget elementor-widget-image\" data-id=\"95ecc90\" data-element_type=\"widget\" data-e-type=\"widget\" data-widget_type=\"image.default\">\n\t\t\t\t<div class=\"elementor-widget-container\">\n\t\t\t\t\t\t\t\t\t\t\t\t\t\t\t<img decoding=\"async\" width=\"300\" height=\"92\" src=\"https:\/\/pachakamani.com\/sonoridadesnarrativas\/wp-content\/uploads\/sites\/5\/2021\/03\/PachaKamani2020-rojo-negro-300x92.png\" class=\"attachment-medium size-medium wp-image-333\" alt=\"PachaKamani2020 rojo negro\" srcset=\"https:\/\/pachakamani.com\/sonoridadesnarrativas\/wp-content\/uploads\/sites\/5\/2021\/03\/PachaKamani2020-rojo-negro-300x92.png 300w, https:\/\/pachakamani.com\/sonoridadesnarrativas\/wp-content\/uploads\/sites\/5\/2021\/03\/PachaKamani2020-rojo-negro-768x235.png 768w, https:\/\/pachakamani.com\/sonoridadesnarrativas\/wp-content\/uploads\/sites\/5\/2021\/03\/PachaKamani2020-rojo-negro.png 902w\" sizes=\"(max-width: 300px) 100vw, 300px\" \/>\t\t\t\t\t\t\t\t\t\t\t\t\t\t\t<\/div>\n\t\t\t\t<\/div>\n\t\t\t\t\t<\/div>\n\t\t<\/div>\n\t\t\t\t\t<\/div>\n\t\t<\/section>\n\t\t\t\t<section class=\"elementor-section elementor-top-section elementor-element elementor-element-7a16845 elementor-section-boxed elementor-section-height-default elementor-section-height-default\" data-id=\"7a16845\" data-element_type=\"section\" data-e-type=\"section\">\n\t\t\t\t\t\t<div class=\"elementor-container elementor-column-gap-default\">\n\t\t\t\t\t<div class=\"elementor-column elementor-col-50 elementor-top-column elementor-element elementor-element-ec3bbc7\" data-id=\"ec3bbc7\" data-element_type=\"column\" data-e-type=\"column\">\n\t\t\t<div class=\"elementor-widget-wrap elementor-element-populated\">\n\t\t\t\t\t\t<div class=\"elementor-element elementor-element-9ff265a elementor-widget elementor-widget-html\" data-id=\"9ff265a\" data-element_type=\"widget\" data-e-type=\"widget\" data-widget_type=\"html.default\">\n\t\t\t\t<div class=\"elementor-widget-container\">\n\t\t\t\t\t<iframe src=\"https:\/\/castbox.fm\/app\/castbox\/player\/id3917577?v=8.22.11&autoplay=0\" frameborder=\"0\" width=\"100%\" height=\"500\"><\/iframe>\t\t\t\t<\/div>\n\t\t\t\t<\/div>\n\t\t\t\t\t<\/div>\n\t\t<\/div>\n\t\t\t\t<div class=\"elementor-column elementor-col-50 elementor-top-column elementor-element elementor-element-0d39213\" data-id=\"0d39213\" data-element_type=\"column\" data-e-type=\"column\">\n\t\t\t<div class=\"elementor-widget-wrap elementor-element-populated\">\n\t\t\t\t\t\t<div class=\"elementor-element elementor-element-8ec3710 elementor-widget elementor-widget-text-editor\" data-id=\"8ec3710\" data-element_type=\"widget\" data-e-type=\"widget\" data-widget_type=\"text-editor.default\">\n\t\t\t\t<div class=\"elementor-widget-container\">\n\t\t\t\t\t\t\t\t\t<p style=\"text-align: center;\"><a href=\"https:\/\/pachakamani.com\/sonoridadesnarrativas\/ritualidad-sonora-de-todos-santos-etnografia-podcast-mapas-sonoros\/\">Mapa Sonoro de Todos Santos (La Paz, Bolivia)<\/a><\/p>\t\t\t\t\t\t\t\t<\/div>\n\t\t\t\t<\/div>\n\t\t\t\t<div class=\"elementor-element elementor-element-1c86236 elementor-widget elementor-widget-html\" data-id=\"1c86236\" data-element_type=\"widget\" data-e-type=\"widget\" data-widget_type=\"html.default\">\n\t\t\t\t<div class=\"elementor-widget-container\">\n\t\t\t\t\t<iframe width=\"300%\" height=\"440px\" frameborder=\"0\" allowfullscreen src=\"\/\/umap.openstreetmap.fr\/es\/map\/mapa-sonoro-de-todos-santos-unificado_688667?scaleControl=false&miniMap=false&scrollWheelZoom=true&zoomControl=true&allowEdit=false&moreControl=true&searchControl=null&tilelayersControl=null&embedControl=null&datalayersControl=true&onLoadPanel=undefined&captionBar=false\"><\/iframe><p><a href=\"\/\/umap.openstreetmap.fr\/es\/map\/mapa-sonoro-de-todos-santos-unificado_688667\">Ver pantalla completa<\/a><\/p>\t\t\t\t<\/div>\n\t\t\t\t<\/div>\n\t\t\t\t\t<\/div>\n\t\t<\/div>\n\t\t\t\t\t<\/div>\n\t\t<\/section>\n\t\t\t\t<section class=\"elementor-section elementor-top-section elementor-element elementor-element-cc01bd2 elementor-section-boxed elementor-section-height-default elementor-section-height-default\" data-id=\"cc01bd2\" data-element_type=\"section\" data-e-type=\"section\" data-settings=\"{&quot;background_background&quot;:&quot;classic&quot;}\">\n\t\t\t\t\t\t<div class=\"elementor-container elementor-column-gap-default\">\n\t\t\t\t\t<div class=\"elementor-column elementor-col-66 elementor-top-column elementor-element elementor-element-2f863ec\" data-id=\"2f863ec\" data-element_type=\"column\" data-e-type=\"column\">\n\t\t\t<div class=\"elementor-widget-wrap elementor-element-populated\">\n\t\t\t\t\t\t<div class=\"elementor-element elementor-element-f3c41f5 elementor-widget elementor-widget-heading\" data-id=\"f3c41f5\" data-element_type=\"widget\" data-e-type=\"widget\" data-widget_type=\"heading.default\">\n\t\t\t\t<div class=\"elementor-widget-container\">\n\t\t\t\t\t<h2 class=\"elementor-heading-title elementor-size-default\"><a href=\"https:\/\/pachakamani.com\/sonoridadesnarrativas\/publicaciones\/\">Publicaciones<\/a><\/h2>\t\t\t\t<\/div>\n\t\t\t\t<\/div>\n\t\t\t\t<div class=\"elementor-element elementor-element-32b2a35 elementor-widget elementor-widget-shortcode\" data-id=\"32b2a35\" data-element_type=\"widget\" data-e-type=\"widget\" data-widget_type=\"shortcode.default\">\n\t\t\t\t<div class=\"elementor-widget-container\">\n\t\t\t\t\t\t\t<div class=\"elementor-shortcode\"><style>.wp-show-posts-columns#wpsp-263 {margin-left: -2em; }.wp-show-posts-columns#wpsp-263 .wp-show-posts-inner {margin: 0 0 2em 2em; }<\/style><section id=\"wpsp-263\" class=\" wp-show-posts-columns wp-show-posts\" style=\"\"><article class=\" wp-show-posts-single post-600 post type-post status-publish format-standard has-post-thumbnail hentry category-articulo tag-dia-mundial-escucha tag-escucha-activa wpsp-col-6\" itemtype=\"http:\/\/schema.org\/CreativeWork\" itemscope><div class=\"wp-show-posts-inner\" style=\"\">\t\t<div class=\"wp-show-posts-image  wpsp-image-center \">\n\t\t\t<a href=\"https:\/\/pachakamani.com\/sonoridadesnarrativas\/dia-mundial-escucha-activa-relaciones-intra-interpersonales\/\"  title=\"Escucha activa. Reactivar las relaciones intra e interpersonales\">\t\t\t\t\t<img decoding=\"async\" src=\"https:\/\/pachakamani.com\/sonoridadesnarrativas\/wp-content\/uploads\/sites\/5\/2023\/07\/SonNar-dia-escucha-2-250x250.jpg\" alt=\"Escucha activa. Reactivar las relaciones intra e interpersonales\" itemprop=\"image\" class=\"center\" \/>\n\t\t\t\t<\/a>\t\t<\/div>\n\t\t\t\t\t\t\t\t<header class=\"wp-show-posts-entry-header\">\n\t\t\t\t\t\t\t<h5 class=\"wp-show-posts-entry-title\" itemprop=\"headline\"><a href=\"https:\/\/pachakamani.com\/sonoridadesnarrativas\/dia-mundial-escucha-activa-relaciones-intra-interpersonales\/\" rel=\"bookmark\">Escucha activa. Reactivar las relaciones intra e interpersonales<\/a><\/h5><div class=\"wp-show-posts-entry-meta wp-show-posts-entry-meta-below-title post-meta-inline\"><span class=\"wp-show-posts-posted-on wp-show-posts-meta\">\n\t\t\t\t\t<a href=\"https:\/\/pachakamani.com\/sonoridadesnarrativas\/dia-mundial-escucha-activa-relaciones-intra-interpersonales\/\" title=\"04:25\" rel=\"bookmark\"><time class=\"wp-show-posts-entry-date published\" datetime=\"2023-07-20T04:25:42-04:00\" itemprop=\"datePublished\">20\/07\/2023<\/time><time class=\"wp-show-posts-updated\" datetime=\"2023-07-20T04:30:49-04:00\" itemprop=\"dateModified\">20\/07\/2023<\/time><\/a>\n\t\t\t\t<\/span><\/div>\t\t\t\t\t\t<\/header><!-- .entry-header -->\n\t\t\t\t\t<\/div><!-- wp-show-posts-inner --><\/article><article class=\" wp-show-posts-single post-586 post type-post status-publish format-standard has-post-thumbnail hentry category-articulo tag-dia-mundial-escucha wpsp-col-6\" itemtype=\"http:\/\/schema.org\/CreativeWork\" itemscope><div class=\"wp-show-posts-inner\" style=\"\">\t\t<div class=\"wp-show-posts-image  wpsp-image-center \">\n\t\t\t<a href=\"https:\/\/pachakamani.com\/sonoridadesnarrativas\/dia-mundial-de-la-escucha-01-origen\/\"  title=\"D\u00eda mundial de la Escucha. Importancia de una habilidad subestimada\">\t\t\t\t\t<img decoding=\"async\" src=\"https:\/\/pachakamani.com\/sonoridadesnarrativas\/wp-content\/uploads\/sites\/5\/2023\/07\/SonNar-dia-escucha-1-250x250.jpg\" alt=\"D\u00eda mundial de la Escucha. Importancia de una habilidad subestimada\" itemprop=\"image\" class=\"center\" \/>\n\t\t\t\t<\/a>\t\t<\/div>\n\t\t\t\t\t\t\t\t<header class=\"wp-show-posts-entry-header\">\n\t\t\t\t\t\t\t<h5 class=\"wp-show-posts-entry-title\" itemprop=\"headline\"><a href=\"https:\/\/pachakamani.com\/sonoridadesnarrativas\/dia-mundial-de-la-escucha-01-origen\/\" rel=\"bookmark\">D\u00eda mundial de la Escucha. Importancia de una habilidad subestimada<\/a><\/h5><div class=\"wp-show-posts-entry-meta wp-show-posts-entry-meta-below-title post-meta-inline\"><span class=\"wp-show-posts-posted-on wp-show-posts-meta\">\n\t\t\t\t\t<a href=\"https:\/\/pachakamani.com\/sonoridadesnarrativas\/dia-mundial-de-la-escucha-01-origen\/\" title=\"03:41\" rel=\"bookmark\"><time class=\"wp-show-posts-entry-date published\" datetime=\"2023-07-17T03:41:11-04:00\" itemprop=\"datePublished\">17\/07\/2023<\/time><time class=\"wp-show-posts-updated\" datetime=\"2023-07-20T03:47:20-04:00\" itemprop=\"dateModified\">20\/07\/2023<\/time><\/a>\n\t\t\t\t<\/span><\/div>\t\t\t\t\t\t<\/header><!-- .entry-header -->\n\t\t\t\t\t<\/div><!-- wp-show-posts-inner --><\/article><article class=\" wp-show-posts-single post-220 post type-post status-publish format-standard has-post-thumbnail hentry category-articulo category-inicio-sesion tag-aymara tag-bolivia tag-ritualidad-sonora tag-sonoridades tag-todos-santos wpsp-col-6\" itemtype=\"http:\/\/schema.org\/CreativeWork\" itemscope><div class=\"wp-show-posts-inner\" style=\"\">\t\t<div class=\"wp-show-posts-image  wpsp-image-center \">\n\t\t\t<a href=\"https:\/\/pachakamani.com\/sonoridadesnarrativas\/ritualidad-sonora-de-todos-santos-etnografia-podcast-mapas-sonoros\/\"  title=\"Ritualidad Sonora de Todos Santos: Etnograf\u00eda, podcast y mapas sonoros\">\t\t\t\t\t<img decoding=\"async\" src=\"https:\/\/pachakamani.com\/sonoridadesnarrativas\/wp-content\/uploads\/sites\/5\/2021\/03\/DSC_0071-rotated-250x250.jpg\" alt=\"Ritualidad Sonora de Todos Santos: Etnograf\u00eda, podcast y mapas sonoros\" itemprop=\"image\" class=\"center\" \/>\n\t\t\t\t<\/a>\t\t<\/div>\n\t\t\t\t\t\t\t\t<header class=\"wp-show-posts-entry-header\">\n\t\t\t\t\t\t\t<h5 class=\"wp-show-posts-entry-title\" itemprop=\"headline\"><a href=\"https:\/\/pachakamani.com\/sonoridadesnarrativas\/ritualidad-sonora-de-todos-santos-etnografia-podcast-mapas-sonoros\/\" rel=\"bookmark\">Ritualidad Sonora de Todos Santos: Etnograf\u00eda, podcast y mapas sonoros<\/a><\/h5><div class=\"wp-show-posts-entry-meta wp-show-posts-entry-meta-below-title post-meta-inline\"><span class=\"wp-show-posts-posted-on wp-show-posts-meta\">\n\t\t\t\t\t<a href=\"https:\/\/pachakamani.com\/sonoridadesnarrativas\/ritualidad-sonora-de-todos-santos-etnografia-podcast-mapas-sonoros\/\" title=\"01:21\" rel=\"bookmark\"><time class=\"wp-show-posts-entry-date published\" datetime=\"2021-03-17T01:21:10-04:00\" itemprop=\"datePublished\">17\/03\/2021<\/time><time class=\"wp-show-posts-updated\" datetime=\"2021-11-09T14:46:32-04:00\" itemprop=\"dateModified\">09\/11\/2021<\/time><\/a>\n\t\t\t\t<\/span><\/div>\t\t\t\t\t\t<\/header><!-- .entry-header -->\n\t\t\t\t\t<\/div><!-- wp-show-posts-inner --><\/article><article class=\" wp-show-posts-single post-218 post type-post status-publish format-standard has-post-thumbnail hentry category-articulo category-sonoridades tag-antropologia-sonora tag-etnografia-sonora tag-paisaje-sonoro wpsp-col-6\" itemtype=\"http:\/\/schema.org\/CreativeWork\" itemscope><div class=\"wp-show-posts-inner\" style=\"\">\t\t<div class=\"wp-show-posts-image  wpsp-image-center \">\n\t\t\t<a href=\"https:\/\/pachakamani.com\/sonoridadesnarrativas\/paisaje-etnografia-y-antropologia-sonora-una-aproximacion\/\"  title=\"Paisaje, etnograf\u00eda y antropolog\u00eda sonora. Una aproximaci\u00f3n\">\t\t\t\t\t<img decoding=\"async\" src=\"https:\/\/pachakamani.com\/sonoridadesnarrativas\/wp-content\/uploads\/sites\/5\/2021\/03\/free-to-use-sounds-j1drt4SIWGw-unsplash-scaled-250x250.jpg\" alt=\"Paisaje, etnograf\u00eda y antropolog\u00eda sonora. Una aproximaci\u00f3n\" itemprop=\"image\" class=\"center\" \/>\n\t\t\t\t<\/a>\t\t<\/div>\n\t\t\t\t\t\t\t\t<header class=\"wp-show-posts-entry-header\">\n\t\t\t\t\t\t\t<h5 class=\"wp-show-posts-entry-title\" itemprop=\"headline\"><a href=\"https:\/\/pachakamani.com\/sonoridadesnarrativas\/paisaje-etnografia-y-antropologia-sonora-una-aproximacion\/\" rel=\"bookmark\">Paisaje, etnograf\u00eda y antropolog\u00eda sonora. Una aproximaci\u00f3n<\/a><\/h5><div class=\"wp-show-posts-entry-meta wp-show-posts-entry-meta-below-title post-meta-inline\"><span class=\"wp-show-posts-posted-on wp-show-posts-meta\">\n\t\t\t\t\t<a href=\"https:\/\/pachakamani.com\/sonoridadesnarrativas\/paisaje-etnografia-y-antropologia-sonora-una-aproximacion\/\" title=\"01:13\" rel=\"bookmark\"><time class=\"wp-show-posts-entry-date published\" datetime=\"2021-03-16T01:13:00-04:00\" itemprop=\"datePublished\">16\/03\/2021<\/time><time class=\"wp-show-posts-updated\" datetime=\"2022-01-03T12:58:35-04:00\" itemprop=\"dateModified\">03\/01\/2022<\/time><\/a>\n\t\t\t\t<\/span><\/div>\t\t\t\t\t\t<\/header><!-- .entry-header -->\n\t\t\t\t\t<\/div><!-- wp-show-posts-inner --><\/article><div class=\"wpsp-clear\"><\/div><\/section><!-- .wp-show-posts --><\/div>\n\t\t\t\t\t\t<\/div>\n\t\t\t\t<\/div>\n\t\t\t\t\t<\/div>\n\t\t<\/div>\n\t\t\t\t<div class=\"elementor-column elementor-col-33 elementor-top-column elementor-element elementor-element-e48bca0\" data-id=\"e48bca0\" data-element_type=\"column\" data-e-type=\"column\">\n\t\t\t<div class=\"elementor-widget-wrap elementor-element-populated\">\n\t\t\t\t\t\t<div class=\"elementor-element elementor-element-2ddfd25 elementor-widget elementor-widget-html\" data-id=\"2ddfd25\" data-element_type=\"widget\" data-e-type=\"widget\" data-widget_type=\"html.default\">\n\t\t\t\t<div class=\"elementor-widget-container\">\n\t\t\t\t\t<iframe src=\"https:\/\/www.facebook.com\/plugins\/page.php?href=https%3A%2F%2Fwww.facebook.com%2FSonoridadesNarrativas&tabs=timeline&width=340&height=500&small_header=true&adapt_container_width=true&hide_cover=false&show_facepile=false&appId\" width=\"340\" height=\"500\" style=\"border:none;overflow:hidden\" scrolling=\"no\" frameborder=\"0\" allowfullscreen=\"true\" allow=\"autoplay; clipboard-write; encrypted-media; picture-in-picture; web-share\"><\/iframe>\t\t\t\t<\/div>\n\t\t\t\t<\/div>\n\t\t\t\t\t<\/div>\n\t\t<\/div>\n\t\t\t\t\t<\/div>\n\t\t<\/section>\n\t\t\t\t<\/div>\n\t\t","protected":false},"excerpt":{"rendered":"excerpt","protected":false},"author":4,"featured_media":113,"parent":0,"menu_order":0,"comment_status":"closed","ping_status":"closed","template":"","meta":{"site-sidebar-layout":"no-sidebar","site-content-layout":"page-builder","ast-site-content-layout":"default","site-content-style":"default","site-sidebar-style":"default","ast-global-header-display":"","ast-banner-title-visibility":"","ast-main-header-display":"","ast-hfb-above-header-display":"","ast-hfb-below-header-display":"","ast-hfb-mobile-header-display":"","site-post-title":"disabled","ast-breadcrumbs-content":"","ast-featured-img":"disabled","footer-sml-layout":"","ast-disable-related-posts":"","theme-transparent-header-meta":"default","adv-header-id-meta":"","stick-header-meta":"","header-above-stick-meta":"","header-main-stick-meta":"","header-below-stick-meta":"","astra-migrate-meta-layouts":"default","ast-page-background-enabled":"default","ast-page-background-meta":{"desktop":{"background-color":"","background-image":"","background-repeat":"repeat","background-position":"center center","background-size":"auto","background-attachment":"scroll","background-type":"","background-media":"","overlay-type":"","overlay-color":"","overlay-opacity":"","overlay-gradient":""},"tablet":{"background-color":"","background-image":"","background-repeat":"repeat","background-position":"center center","background-size":"auto","background-attachment":"scroll","background-type":"","background-media":"","overlay-type":"","overlay-color":"","overlay-opacity":"","overlay-gradient":""},"mobile":{"background-color":"","background-image":"","background-repeat":"repeat","background-position":"center center","background-size":"auto","background-attachment":"scroll","background-type":"","background-media":"","overlay-type":"","overlay-color":"","overlay-opacity":"","overlay-gradient":""}},"ast-content-background-meta":{"desktop":{"background-color":"var(--ast-global-color-5)","background-image":"","background-repeat":"repeat","background-position":"center center","background-size":"auto","background-attachment":"scroll","background-type":"","background-media":"","overlay-type":"","overlay-color":"","overlay-opacity":"","overlay-gradient":""},"tablet":{"background-color":"var(--ast-global-color-5)","background-image":"","background-repeat":"repeat","background-position":"center center","background-size":"auto","background-attachment":"scroll","background-type":"","background-media":"","overlay-type":"","overlay-color":"","overlay-opacity":"","overlay-gradient":""},"mobile":{"background-color":"var(--ast-global-color-5)","background-image":"","background-repeat":"repeat","background-position":"center center","background-size":"auto","background-attachment":"scroll","background-type":"","background-media":"","overlay-type":"","overlay-color":"","overlay-opacity":"","overlay-gradient":""}},"episode_type":"","audio_file":"","podmotor_file_id":"","podmotor_episode_id":"","cover_image":"","cover_image_id":"","duration":"","filesize":"","filesize_raw":"","date_recorded":"","explicit":"","block":"","slim_seo":{"description":"Este art\u00edculo es una introducci\u00f3n, una aproximaci\u00f3n para explicar por qu\u00e9 hablamos de etnograf\u00eda sonora, antropolog\u00eda sonora y paisaje sonoro. A partir de aqu\u00ed,","facebook_image":"https:\/\/pachakamani.com\/sonoridadesnarrativas\/wp-content\/uploads\/sites\/5\/2021\/03\/SonNar-logo-podcast-Apple.jpg","twitter_image":"https:\/\/pachakamani.com\/sonoridadesnarrativas\/wp-content\/uploads\/sites\/5\/2021\/03\/SonNar-logo-podcast-Apple.jpg","title":"Paisaje, etnograf\u00eda y antropolog\u00eda sonora. Una aproximaci\u00f3n - Sonoridades Narrativas"},"footnotes":""},"class_list":["post-17","page","type-page","status-publish","has-post-thumbnail","hentry"],"_links":{"self":[{"href":"https:\/\/pachakamani.com\/sonoridadesnarrativas\/wp-json\/wp\/v2\/pages\/17","targetHints":{"allow":["GET"]}}],"collection":[{"href":"https:\/\/pachakamani.com\/sonoridadesnarrativas\/wp-json\/wp\/v2\/pages"}],"about":[{"href":"https:\/\/pachakamani.com\/sonoridadesnarrativas\/wp-json\/wp\/v2\/types\/page"}],"author":[{"embeddable":true,"href":"https:\/\/pachakamani.com\/sonoridadesnarrativas\/wp-json\/wp\/v2\/users\/4"}],"replies":[{"embeddable":true,"href":"https:\/\/pachakamani.com\/sonoridadesnarrativas\/wp-json\/wp\/v2\/comments?post=17"}],"version-history":[{"count":158,"href":"https:\/\/pachakamani.com\/sonoridadesnarrativas\/wp-json\/wp\/v2\/pages\/17\/revisions"}],"predecessor-version":[{"id":530,"href":"https:\/\/pachakamani.com\/sonoridadesnarrativas\/wp-json\/wp\/v2\/pages\/17\/revisions\/530"}],"wp:featuredmedia":[{"embeddable":true,"href":"https:\/\/pachakamani.com\/sonoridadesnarrativas\/wp-json\/wp\/v2\/media\/113"}],"wp:attachment":[{"href":"https:\/\/pachakamani.com\/sonoridadesnarrativas\/wp-json\/wp\/v2\/media?parent=17"}],"curies":[{"name":"wp","href":"https:\/\/api.w.org\/{rel}","templated":true}]}}