{"id":329,"date":"2022-03-03T04:00:54","date_gmt":"2022-03-03T04:00:54","guid":{"rendered":"https:\/\/pachakamani.com\/atravesdelaventana\/?p=329"},"modified":"2026-01-26T02:26:54","modified_gmt":"2026-01-26T06:26:54","slug":"entrevista-en-viajando-entre-podcast","status":"publish","type":"articulo","link":"https:\/\/pachakamani.com\/atravesdelaventana\/articulo\/entrevista-en-viajando-entre-podcast\/","title":{"rendered":"Entrevista en \u00abViajando entre Podcast\u00bb"},"content":{"rendered":"\n<div class=\"wp-block-cover alignfull is-light has-parallax\" style=\"background-image:url(https:\/\/pachakamani.com\/atravesdelaventana\/wp-content\/uploads\/sites\/6\/2022\/03\/viajandoentre-podcast-glo.png)\"><span aria-hidden=\"true\" class=\"wp-block-cover__gradient-background has-background-dim\"><\/span><div class=\"wp-block-cover__inner-container is-layout-flow wp-block-cover-is-layout-flow\">\n<p class=\"has-text-align-center has-large-font-size\">Entrevista en \u00abViajando entre Podcast\u00bb<\/p>\n<\/div><\/div>\n\n\n\n<hr class=\"wp-block-separator\"\/>\n\n\n\n<blockquote class=\"wp-block-quote is-layout-flow wp-block-quote-is-layout-flow\"><p>En febrero de este 2022, las colegas del sitio web <a rel=\"noreferrer noopener\" href=\"https:\/\/fearlesswritingdesk.wixsite.com\/fearlessthoughts\" target=\"_blank\">Fearless Thoughts<\/a>, nos invitaron a una entrevistas en su secci\u00f3n \u00abViajando entre Podcasts\u00bb. Estamos agradecidas con <strong>Brenda Mart\u00ednez<\/strong> por la invitaci\u00f3n a formar parte de los escritos de su espacio. A continuaci\u00f3n, les dejamos la entrevista y el enlace de la publicaci\u00f3n.<\/p><\/blockquote>\n\n\n\n<h2 class=\"wp-block-heading\">#ViajandoentrePodcasts: A Trav\u00e9s de la Ventana<\/h2>\n\n\n\n<p>En este viaje, vamos directamente a Bolivia, La Paz, para conocer un proyecto que nos comparte un espacio de reflexi\u00f3n sobre temas relacionados a la violencia contra la mujer, pero abordada desde distintos puntos: psicol\u00f3gico, jur\u00eddico, movimientos y colectivos de mujeres, entre otros. Este proyecto tambi\u00e9n busca denunciar casos de violencia hacia la mujer sin caer en la re victimizaci\u00f3n, visibilizando los errores del sistema jur\u00eddico y el armaz\u00f3n de la administraci\u00f3n de instituciones a cargo, que muchas veces no protegen sino que contribuyen a ensanchar el problema.<\/p>\n\n\n\n<p><strong><em>\u201cA Trav\u00e9s de la Ventana<\/em><\/strong>\u201d, es un podcast creado por&nbsp;<strong>Gloria Villarroel Salgueiro<\/strong>, en donde, en palabras de ella, espera&nbsp;<em>\u201cpoder transmitir informaci\u00f3n para saber qu\u00e9 hacer en situaci\u00f3n de violencia, claro que esto pasa por varios procesos intrincados, confusos y la mayor\u00eda de las veces un camino largo, sin lograr justicia. Es tambi\u00e9n un espacio de cr\u00edtica y an\u00e1lisis para llamar la atenci\u00f3n a las personas o instituciones encargadas de velar por la seguridad y los derechos de las mujeres\u201d.<\/em><\/p>\n\n\n\n<p>Gloria tambi\u00e9n nos cuenta sobre el origen del nombre de este espacio: \u201cLas mujeres que se encuentran en situaci\u00f3n de violencia, viven su vida en una casa con paredes y ventanas que no es un hogar, es un cubo &#8211; o como quiera su forma- como una c\u00e1rcel. Miran por la ventana a un exterior deseando estar all\u00ed, lejos de esas paredes, lejos de ese ambiente oscuro. Desde afuera alguien puede verla, es una silueta o un rostro sin expresi\u00f3n o lleno de tristeza y miedo, unos solo miran, otros se preguntan, quisieran saber qu\u00e9 sucede, y otros hacer algo, ayudar. Desde adentro o afuera los roles cambian, pero hacer algo, puede cambiar las cosas\u201d.<\/p>\n\n\n\n<div class=\"wp-block-image\"><figure class=\"alignright size-full is-resized\"><img fetchpriority=\"high\" decoding=\"async\" src=\"https:\/\/pachakamani.com\/atravesdelaventana\/wp-content\/uploads\/sites\/6\/2022\/03\/entrevista.jpg\" alt=\"\" class=\"wp-image-331\" width=\"509\" height=\"284\" srcset=\"https:\/\/pachakamani.com\/atravesdelaventana\/wp-content\/uploads\/sites\/6\/2022\/03\/entrevista.jpg 1023w, https:\/\/pachakamani.com\/atravesdelaventana\/wp-content\/uploads\/sites\/6\/2022\/03\/entrevista-300x168.jpg 300w, https:\/\/pachakamani.com\/atravesdelaventana\/wp-content\/uploads\/sites\/6\/2022\/03\/entrevista-768x429.jpg 768w\" sizes=\"(max-width: 509px) 100vw, 509px\" \/><\/figure><\/div>\n\n\n\n<p>En su barra de contenidos podr\u00e1s encontrar episodios en donde se habla sobre&nbsp;<em>\u00bfQu\u00e9 es violencia?, \u00bfQu\u00e9 es violencia contra la mujer?, \u00bfPor qu\u00e9 contin\u00faan los casos de violencia?, el D\u00eda Internacional de la Mujer<\/em>, en el que encontrar\u00e1s informaci\u00f3n acerca de la historia que result\u00f3 en la aprobaci\u00f3n de este d\u00eda por la ONU en 1975;&nbsp;<em>un homenaje a Hanal\u00ed Huaycho<\/em>&nbsp;una mujer boliviana cuyo asesinato dio paso a protestas ciudadanas y a la promulgaci\u00f3n de la&nbsp;<em>Ley 348;<\/em>&nbsp;el an\u00e1lisis de&nbsp;<em>Ley Integral<\/em>&nbsp;para Garantizar a las Mujeres una vida libre de violencia&nbsp;<em>N\u00ba348<\/em>, la historia del feminismo descrito en cuatro olas o hitos hist\u00f3ricos, entre otros.<\/p>\n\n\n\n<p>&#8211;<strong>\u00bfQu\u00e9 es lo m\u00e1s dif\u00edcil de emprender?<\/strong><\/p>\n\n\n\n<p><em>\u201cMantenerse activo, en mi caso el podcast es un proyecto personal, constantemente me remuerde la conciencia por no publicar m\u00e1s episodios.\u201d<\/em><\/p>\n\n\n\n<p><strong>-\u00bfCu\u00e1l ha sido tu mayor reto al momento de realizar el podcast?<\/strong><\/p>\n\n\n\n<p><em>\u201cAprender a soltarme. Antes hab\u00eda realizado documentales en el campo del audiovisual, pero un programa de audio fue un reto para aprender a dar la entonaci\u00f3n y comunicar la historia. Es un arte y admiro mucho a los podcaster que hacen episodios tan amenos con conversaciones tan naturales.\u201d<\/em><\/p>\n\n\n\n<p><strong>-\u00bfCu\u00e1l consideras que sea la importancia de crear estos contenidos?<\/strong><\/p>\n\n\n\n<p><em>\u201cHablar sobre violencia a la mujer es un tema por dem\u00e1s sensible. En Bolivia todos los d\u00edas escuchamos en las noticias sobre un feminicidio o una mujer golpeada. Pienso que falta informaci\u00f3n clara y verdadera sobre c\u00f3mo defenderse, defender a la familia, los hijos. Falta informaci\u00f3n sobre los procedimientos de denuncia, los derechos que la ley niega por negligencia. Saber identificar a un agresor y salir a tiempo de esa relaci\u00f3n. Ense\u00f1ar a nuestras hijas e hijos, a nuestras madres, hermanas, t\u00edas, abuelas, que merecemos respeto, que hombres y mujeres nos sentimos igual, que no somos inferiores y no le pertenecemos a nadie. Las mujeres somos libres de decidir y dar amor a quien elijamos y dejar de dar a quien nos hace da\u00f1o. No pueden obligarnos a mantenernos en una relaci\u00f3n con violencia porque las normas sociales lo dicen, porque la mujer debe aguantar. Debe romperse este esquema.\u201d<\/em><\/p>\n\n\n\n<p><strong>-\u00bfCu\u00e1l ser\u00eda tu consejo para aquellas personas que quieren empezar su propio proyecto?<\/strong><\/p>\n\n\n\n<p><em>\u201cDecidirse hacerlo y trabajar, dejarse del miedo de escuchar tu propia voz, es comunicar lo que te apasiona y ya manos a la obra.\u201d<\/em><\/p>\n\n\n\n<p>Puedes encontrarla en las plataformas de\u00a0<em>Apple Podcasts, CastBox, Google Podcasts, Podcast Addict, RSS,<\/em>\u00a0<a rel=\"noreferrer noopener\" href=\"https:\/\/open.spotify.com\/show\/0WOBey0WWXh7UGZ5vx0WQN?si=41a75f70f5294a03\" target=\"_blank\"><em><strong>Spotify<\/strong><\/em><\/a>\u00a0<em>y iVoox<\/em>\u00a0c\u00f3mo\u00a0<em><strong>\u201cA Trav\u00e9s de la Ventana\u201d<\/strong><\/em>.<\/p>\n\n\n\n<p>Enlace de la publicaci\u00f3n original: <a href=\"https:\/\/fearlesswritingdesk.wixsite.com\/fearlessthoughts\/post\/viajandoentrepodcasts-a-trav%C3%A9s-de-la-ventana\" target=\"_blank\" rel=\"noreferrer noopener\">ViajandoentrePodcasts: A Trav\u00e9s de la Ventana<\/a><\/p>\n","protected":false},"excerpt":{"rendered":"<p>En febrero de este 2022, las colegas del sitio web Fearless Thoughts, nos invitaron a una entrevistas en su secci\u00f3n [&hellip;]<\/p>\n","protected":false},"author":6,"featured_media":330,"comment_status":"open","ping_status":"open","template":"","meta":{"_uag_custom_page_level_css":"","site-sidebar-layout":"default","site-content-layout":"","ast-site-content-layout":"default","site-content-style":"default","site-sidebar-style":"default","ast-global-header-display":"","ast-banner-title-visibility":"","ast-main-header-display":"","ast-hfb-above-header-display":"","ast-hfb-below-header-display":"","ast-hfb-mobile-header-display":"","site-post-title":"disabled","ast-breadcrumbs-content":"","ast-featured-img":"disabled","footer-sml-layout":"","ast-disable-related-posts":"","theme-transparent-header-meta":"","adv-header-id-meta":"","stick-header-meta":"","header-above-stick-meta":"","header-main-stick-meta":"","header-below-stick-meta":"","astra-migrate-meta-layouts":"default","ast-page-background-enabled":"default","ast-page-background-meta":{"desktop":{"background-color":"","background-image":"","background-repeat":"repeat","background-position":"center center","background-size":"auto","background-attachment":"scroll","background-type":"","background-media":"","overlay-type":"","overlay-color":"","overlay-opacity":"","overlay-gradient":""},"tablet":{"background-color":"","background-image":"","background-repeat":"repeat","background-position":"center center","background-size":"auto","background-attachment":"scroll","background-type":"","background-media":"","overlay-type":"","overlay-color":"","overlay-opacity":"","overlay-gradient":""},"mobile":{"background-color":"","background-image":"","background-repeat":"repeat","background-position":"center center","background-size":"auto","background-attachment":"scroll","background-type":"","background-media":"","overlay-type":"","overlay-color":"","overlay-opacity":"","overlay-gradient":""}},"ast-content-background-meta":{"desktop":{"background-color":"var(--ast-global-color-5)","background-image":"","background-repeat":"repeat","background-position":"center center","background-size":"auto","background-attachment":"scroll","background-type":"","background-media":"","overlay-type":"","overlay-color":"","overlay-opacity":"","overlay-gradient":""},"tablet":{"background-color":"var(--ast-global-color-5)","background-image":"","background-repeat":"repeat","background-position":"center center","background-size":"auto","background-attachment":"scroll","background-type":"","background-media":"","overlay-type":"","overlay-color":"","overlay-opacity":"","overlay-gradient":""},"mobile":{"background-color":"var(--ast-global-color-5)","background-image":"","background-repeat":"repeat","background-position":"center center","background-size":"auto","background-attachment":"scroll","background-type":"","background-media":"","overlay-type":"","overlay-color":"","overlay-opacity":"","overlay-gradient":""}},"slim_seo":{"title":"Entrevista en \"Viajando entre Podcast\" - A trav\u00e9s de la Ventana","description":"En febrero de este 2022, las colegas del sitio web Fearless Thoughts , nos invitaron a una entrevistas en su secci\u00f3n \"Viajando entre Podcasts\". Estamos agradeci"}},"categories":[21],"tags":[23],"class_list":["post-329","articulo","type-articulo","status-publish","has-post-thumbnail","hentry","category-articulo","tag-entrevista"],"uagb_featured_image_src":{"full":["https:\/\/pachakamani.com\/atravesdelaventana\/wp-content\/uploads\/sites\/6\/2022\/03\/viajandoentre-podcast-glo.png",1628,687,false],"thumbnail":["https:\/\/pachakamani.com\/atravesdelaventana\/wp-content\/uploads\/sites\/6\/2022\/03\/viajandoentre-podcast-glo-150x150.png",150,150,true],"medium":["https:\/\/pachakamani.com\/atravesdelaventana\/wp-content\/uploads\/sites\/6\/2022\/03\/viajandoentre-podcast-glo-300x127.png",300,127,true],"medium_large":["https:\/\/pachakamani.com\/atravesdelaventana\/wp-content\/uploads\/sites\/6\/2022\/03\/viajandoentre-podcast-glo-768x324.png",768,324,true],"large":["https:\/\/pachakamani.com\/atravesdelaventana\/wp-content\/uploads\/sites\/6\/2022\/03\/viajandoentre-podcast-glo-1024x432.png",1024,432,true],"1536x1536":["https:\/\/pachakamani.com\/atravesdelaventana\/wp-content\/uploads\/sites\/6\/2022\/03\/viajandoentre-podcast-glo-1536x648.png",1536,648,true],"2048x2048":["https:\/\/pachakamani.com\/atravesdelaventana\/wp-content\/uploads\/sites\/6\/2022\/03\/viajandoentre-podcast-glo.png",1628,687,false]},"uagb_author_info":{"display_name":"Gloria Villarroel","author_link":"https:\/\/pachakamani.com\/atravesdelaventana\/author\/gloria\/"},"uagb_comment_info":0,"uagb_excerpt":"En febrero de este 2022, las colegas del sitio web Fearless Thoughts, nos invitaron a una entrevistas en su secci\u00f3n [&hellip;]","_links":{"self":[{"href":"https:\/\/pachakamani.com\/atravesdelaventana\/wp-json\/wp\/v2\/articulo\/329","targetHints":{"allow":["GET"]}}],"collection":[{"href":"https:\/\/pachakamani.com\/atravesdelaventana\/wp-json\/wp\/v2\/articulo"}],"about":[{"href":"https:\/\/pachakamani.com\/atravesdelaventana\/wp-json\/wp\/v2\/types\/articulo"}],"author":[{"embeddable":true,"href":"https:\/\/pachakamani.com\/atravesdelaventana\/wp-json\/wp\/v2\/users\/6"}],"replies":[{"embeddable":true,"href":"https:\/\/pachakamani.com\/atravesdelaventana\/wp-json\/wp\/v2\/comments?post=329"}],"wp:featuredmedia":[{"embeddable":true,"href":"https:\/\/pachakamani.com\/atravesdelaventana\/wp-json\/wp\/v2\/media\/330"}],"wp:attachment":[{"href":"https:\/\/pachakamani.com\/atravesdelaventana\/wp-json\/wp\/v2\/media?parent=329"}],"wp:term":[{"taxonomy":"category","embeddable":true,"href":"https:\/\/pachakamani.com\/atravesdelaventana\/wp-json\/wp\/v2\/categories?post=329"},{"taxonomy":"post_tag","embeddable":true,"href":"https:\/\/pachakamani.com\/atravesdelaventana\/wp-json\/wp\/v2\/tags?post=329"}],"curies":[{"name":"wp","href":"https:\/\/api.w.org\/{rel}","templated":true}]}}

<div class="wp-block-cover alignfull is-light has-parallax" style="background-image:url(https://pachakamani.com/atravesdelaventana/wp-content/uploads/sites/6/2022/03/viajandoentre-podcast-glo.png)"><span aria-hidden="true" class="wp-block-cover__gradient-background has-background-dim"></span><div class="wp-block-cover__inner-container is-layout-flow wp-block-cover-is-layout-flow">
<p class="has-text-align-center has-large-font-size">Entrevista en «Viajando entre Podcast»</p>
</div></div>



<hr class="wp-block-separator"/>



<blockquote class="wp-block-quote is-layout-flow wp-block-quote-is-layout-flow"><p>En febrero de este 2022, las colegas del sitio web <a rel="noreferrer noopener" href="https://fearlesswritingdesk.wixsite.com/fearlessthoughts" target="_blank">Fearless Thoughts</a>, nos invitaron a una entrevistas en su sección «Viajando entre Podcasts». Estamos agradecidas con <strong>Brenda Martínez</strong> por la invitación a formar parte de los escritos de su espacio. A continuación, les dejamos la entrevista y el enlace de la publicación.</p></blockquote>



<h2 class="wp-block-heading">#ViajandoentrePodcasts: A Través de la Ventana</h2>



<p>En este viaje, vamos directamente a Bolivia, La Paz, para conocer un proyecto que nos comparte un espacio de reflexión sobre temas relacionados a la violencia contra la mujer, pero abordada desde distintos puntos: psicológico, jurídico, movimientos y colectivos de mujeres, entre otros. Este proyecto también busca denunciar casos de violencia hacia la mujer sin caer en la re victimización, visibilizando los errores del sistema jurídico y el armazón de la administración de instituciones a cargo, que muchas veces no protegen sino que contribuyen a ensanchar el problema.</p>



<p><strong><em>“A Través de la Ventana</em></strong>”, es un podcast creado por&nbsp;<strong>Gloria Villarroel Salgueiro</strong>, en donde, en palabras de ella, espera&nbsp;<em>“poder transmitir información para saber qué hacer en situación de violencia, claro que esto pasa por varios procesos intrincados, confusos y la mayoría de las veces un camino largo, sin lograr justicia. Es también un espacio de crítica y análisis para llamar la atención a las personas o instituciones encargadas de velar por la seguridad y los derechos de las mujeres”.</em></p>



<p>Gloria también nos cuenta sobre el origen del nombre de este espacio: “Las mujeres que se encuentran en situación de violencia, viven su vida en una casa con paredes y ventanas que no es un hogar, es un cubo &#8211; o como quiera su forma- como una cárcel. Miran por la ventana a un exterior deseando estar allí, lejos de esas paredes, lejos de ese ambiente oscuro. Desde afuera alguien puede verla, es una silueta o un rostro sin expresión o lleno de tristeza y miedo, unos solo miran, otros se preguntan, quisieran saber qué sucede, y otros hacer algo, ayudar. Desde adentro o afuera los roles cambian, pero hacer algo, puede cambiar las cosas”.</p>



<div class="wp-block-image"><figure class="alignright size-full is-resized"><img fetchpriority="high" decoding="async" src="https://pachakamani.com/atravesdelaventana/wp-content/uploads/sites/6/2022/03/entrevista.jpg" alt="" class="wp-image-331" width="509" height="284" srcset="https://pachakamani.com/atravesdelaventana/wp-content/uploads/sites/6/2022/03/entrevista.jpg 1023w, https://pachakamani.com/atravesdelaventana/wp-content/uploads/sites/6/2022/03/entrevista-300x168.jpg 300w, https://pachakamani.com/atravesdelaventana/wp-content/uploads/sites/6/2022/03/entrevista-768x429.jpg 768w" sizes="(max-width: 509px) 100vw, 509px" /></figure></div>



<p>En su barra de contenidos podrás encontrar episodios en donde se habla sobre&nbsp;<em>¿Qué es violencia?, ¿Qué es violencia contra la mujer?, ¿Por qué continúan los casos de violencia?, el Día Internacional de la Mujer</em>, en el que encontrarás información acerca de la historia que resultó en la aprobación de este día por la ONU en 1975;&nbsp;<em>un homenaje a Hanalí Huaycho</em>&nbsp;una mujer boliviana cuyo asesinato dio paso a protestas ciudadanas y a la promulgación de la&nbsp;<em>Ley 348;</em>&nbsp;el análisis de&nbsp;<em>Ley Integral</em>&nbsp;para Garantizar a las Mujeres una vida libre de violencia&nbsp;<em>Nº348</em>, la historia del feminismo descrito en cuatro olas o hitos históricos, entre otros.</p>



<p>&#8211;<strong>¿Qué es lo más difícil de emprender?</strong></p>



<p><em>“Mantenerse activo, en mi caso el podcast es un proyecto personal, constantemente me remuerde la conciencia por no publicar más episodios.”</em></p>



<p><strong>-¿Cuál ha sido tu mayor reto al momento de realizar el podcast?</strong></p>



<p><em>“Aprender a soltarme. Antes había realizado documentales en el campo del audiovisual, pero un programa de audio fue un reto para aprender a dar la entonación y comunicar la historia. Es un arte y admiro mucho a los podcaster que hacen episodios tan amenos con conversaciones tan naturales.”</em></p>



<p><strong>-¿Cuál consideras que sea la importancia de crear estos contenidos?</strong></p>



<p><em>“Hablar sobre violencia a la mujer es un tema por demás sensible. En Bolivia todos los días escuchamos en las noticias sobre un feminicidio o una mujer golpeada. Pienso que falta información clara y verdadera sobre cómo defenderse, defender a la familia, los hijos. Falta información sobre los procedimientos de denuncia, los derechos que la ley niega por negligencia. Saber identificar a un agresor y salir a tiempo de esa relación. Enseñar a nuestras hijas e hijos, a nuestras madres, hermanas, tías, abuelas, que merecemos respeto, que hombres y mujeres nos sentimos igual, que no somos inferiores y no le pertenecemos a nadie. Las mujeres somos libres de decidir y dar amor a quien elijamos y dejar de dar a quien nos hace daño. No pueden obligarnos a mantenernos en una relación con violencia porque las normas sociales lo dicen, porque la mujer debe aguantar. Debe romperse este esquema.”</em></p>



<p><strong>-¿Cuál sería tu consejo para aquellas personas que quieren empezar su propio proyecto?</strong></p>



<p><em>“Decidirse hacerlo y trabajar, dejarse del miedo de escuchar tu propia voz, es comunicar lo que te apasiona y ya manos a la obra.”</em></p>



<p>Puedes encontrarla en las plataformas de <em>Apple Podcasts, CastBox, Google Podcasts, Podcast Addict, RSS,</em> <a rel="noreferrer noopener" href="https://open.spotify.com/show/0WOBey0WWXh7UGZ5vx0WQN?si=41a75f70f5294a03" target="_blank"><em><strong>Spotify</strong></em></a> <em>y iVoox</em> cómo <em><strong>“A Través de la Ventana”</strong></em>.</p>



<p>Enlace de la publicación original: <a href="https://fearlesswritingdesk.wixsite.com/fearlessthoughts/post/viajandoentrepodcasts-a-trav%C3%A9s-de-la-ventana" target="_blank" rel="noreferrer noopener">ViajandoentrePodcasts: A Través de la Ventana</a></p>

<p>En febrero de este 2022, las colegas del sitio web Fearless Thoughts, nos invitaron a una entrevistas en su sección [&hellip;]</p>

Entrevista en "Viajando entre Podcast" - A través de la Ventana

En febrero de este 2022, las colegas del sitio web Fearless Thoughts , nos invitaron a una entrevistas en su sección "Viajando entre Podcasts". Estamos agradeci

En febrero de este 2022, las colegas del sitio web Fearless Thoughts, nos invitaron a una entrevistas en su sección [&hellip;]
